{"id":377,"date":"2021-03-15T00:03:42","date_gmt":"2021-03-14T23:03:42","guid":{"rendered":"http:\/\/wordpress2167206.home.pl\/autoinstalator\/wordpressplugins3\/?page_id=377"},"modified":"2021-03-25T21:48:09","modified_gmt":"2021-03-25T20:48:09","slug":"grecja","status":"publish","type":"page","link":"https:\/\/ancora.info.pl\/?page_id=377","title":{"rendered":"Grecja"},"content":{"rendered":"\t\t<div data-elementor-type=\"wp-page\" data-elementor-id=\"377\" class=\"elementor elementor-377\">\n\t\t\t\t\t\t\t\t\t<section class=\"elementor-section elementor-top-section elementor-element elementor-element-1b6d831 elementor-section-boxed elementor-section-height-default elementor-section-height-default\" data-id=\"1b6d831\" data-element_type=\"section\" data-settings=\"{&quot;_ha_eqh_enable&quot;:false}\">\n\t\t\t\t\t\t<div class=\"elementor-container elementor-column-gap-default\">\n\t\t\t\t\t<div class=\"elementor-column elementor-col-100 elementor-top-column elementor-element elementor-element-170effd\" data-id=\"170effd\" data-element_type=\"column\">\n\t\t\t<div class=\"elementor-widget-wrap elementor-element-populated\">\n\t\t\t\t\t\t\t\t<div class=\"elementor-element elementor-element-fe57c6a elementor-widget elementor-widget-heading\" data-id=\"fe57c6a\" data-element_type=\"widget\" data-widget_type=\"heading.default\">\n\t\t\t\t<div class=\"elementor-widget-container\">\n\t\t\t<h2 class=\"elementor-heading-title elementor-size-default\">GRECJA<\/h2>\t\t<\/div>\n\t\t\t\t<\/div>\n\t\t\t\t\t<\/div>\n\t\t<\/div>\n\t\t\t\t\t\t\t<\/div>\n\t\t<\/section>\n\t\t\t\t<section class=\"elementor-section elementor-top-section elementor-element elementor-element-df0ab89 elementor-section-boxed elementor-section-height-default elementor-section-height-default\" data-id=\"df0ab89\" data-element_type=\"section\" data-settings=\"{&quot;_ha_eqh_enable&quot;:false}\">\n\t\t\t\t\t\t<div class=\"elementor-container elementor-column-gap-default\">\n\t\t\t\t\t<div class=\"elementor-column elementor-col-100 elementor-top-column elementor-element elementor-element-c6239c1\" data-id=\"c6239c1\" data-element_type=\"column\">\n\t\t\t<div class=\"elementor-widget-wrap elementor-element-populated\">\n\t\t\t\t\t\t\t\t<div class=\"elementor-element elementor-element-a329aed elementor-widget-divider--view-line elementor-widget elementor-widget-divider\" data-id=\"a329aed\" data-element_type=\"widget\" data-widget_type=\"divider.default\">\n\t\t\t\t<div class=\"elementor-widget-container\">\n\t\t\t\t\t<div class=\"elementor-divider\">\n\t\t\t<span class=\"elementor-divider-separator\">\n\t\t\t\t\t\t<\/span>\n\t\t<\/div>\n\t\t\t\t<\/div>\n\t\t\t\t<\/div>\n\t\t\t\t\t<\/div>\n\t\t<\/div>\n\t\t\t\t\t\t\t<\/div>\n\t\t<\/section>\n\t\t\t\t<section class=\"elementor-section elementor-top-section elementor-element elementor-element-9dde13c elementor-section-boxed elementor-section-height-default elementor-section-height-default\" data-id=\"9dde13c\" data-element_type=\"section\" data-settings=\"{&quot;_ha_eqh_enable&quot;:false}\">\n\t\t\t\t\t\t<div class=\"elementor-container elementor-column-gap-default\">\n\t\t\t\t\t<div class=\"elementor-column elementor-col-33 elementor-top-column elementor-element elementor-element-0ed08c8\" data-id=\"0ed08c8\" data-element_type=\"column\">\n\t\t\t<div class=\"elementor-widget-wrap elementor-element-populated\">\n\t\t\t\t\t\t\t\t<div class=\"elementor-element elementor-element-4ff9c4e elementor-widget elementor-widget-image\" data-id=\"4ff9c4e\" data-element_type=\"widget\" data-widget_type=\"image.default\">\n\t\t\t\t<div class=\"elementor-widget-container\">\n\t\t\t\t\t\t\t\t\t\t\t\t\t\t\t<img width=\"600\" height=\"400\" src=\"https:\/\/ancora.info.pl\/wp-content\/uploads\/2021\/03\/ancora-ateny-wycieczka-600x400-2.jpg\" class=\"attachment-large size-large\" alt=\"\" loading=\"lazy\" srcset=\"https:\/\/ancora.info.pl\/wp-content\/uploads\/2021\/03\/ancora-ateny-wycieczka-600x400-2.jpg 600w, https:\/\/ancora.info.pl\/wp-content\/uploads\/2021\/03\/ancora-ateny-wycieczka-600x400-2-300x200.jpg 300w\" sizes=\"(max-width: 600px) 100vw, 600px\" \/>\t\t\t\t\t\t\t\t\t\t\t\t\t\t\t<\/div>\n\t\t\t\t<\/div>\n\t\t\t\t\t<\/div>\n\t\t<\/div>\n\t\t\t\t<div class=\"elementor-column elementor-col-33 elementor-top-column elementor-element elementor-element-8929323\" data-id=\"8929323\" data-element_type=\"column\">\n\t\t\t<div class=\"elementor-widget-wrap elementor-element-populated\">\n\t\t\t\t\t\t\t\t<div class=\"elementor-element elementor-element-4301757 elementor-widget elementor-widget-image\" data-id=\"4301757\" data-element_type=\"widget\" data-widget_type=\"image.default\">\n\t\t\t\t<div class=\"elementor-widget-container\">\n\t\t\t\t\t\t\t\t\t\t\t\t\t\t\t<img width=\"600\" height=\"400\" src=\"https:\/\/ancora.info.pl\/wp-content\/uploads\/2021\/03\/ancora-grecja-wycieczka-600x400-1.jpg\" class=\"attachment-large size-large\" alt=\"\" loading=\"lazy\" srcset=\"https:\/\/ancora.info.pl\/wp-content\/uploads\/2021\/03\/ancora-grecja-wycieczka-600x400-1.jpg 600w, https:\/\/ancora.info.pl\/wp-content\/uploads\/2021\/03\/ancora-grecja-wycieczka-600x400-1-300x200.jpg 300w\" sizes=\"(max-width: 600px) 100vw, 600px\" \/>\t\t\t\t\t\t\t\t\t\t\t\t\t\t\t<\/div>\n\t\t\t\t<\/div>\n\t\t\t\t\t<\/div>\n\t\t<\/div>\n\t\t\t\t<div class=\"elementor-column elementor-col-33 elementor-top-column elementor-element elementor-element-b6b6ec6\" data-id=\"b6b6ec6\" data-element_type=\"column\">\n\t\t\t<div class=\"elementor-widget-wrap elementor-element-populated\">\n\t\t\t\t\t\t\t\t<div class=\"elementor-element elementor-element-b5ccc37 elementor-widget elementor-widget-image\" data-id=\"b5ccc37\" data-element_type=\"widget\" data-widget_type=\"image.default\">\n\t\t\t\t<div class=\"elementor-widget-container\">\n\t\t\t\t\t\t\t\t\t\t\t\t\t\t\t<img width=\"600\" height=\"400\" src=\"https:\/\/ancora.info.pl\/wp-content\/uploads\/2021\/03\/ancora-grecja-wycieczka-600x400-2.jpg\" class=\"attachment-large size-large\" alt=\"\" loading=\"lazy\" srcset=\"https:\/\/ancora.info.pl\/wp-content\/uploads\/2021\/03\/ancora-grecja-wycieczka-600x400-2.jpg 600w, https:\/\/ancora.info.pl\/wp-content\/uploads\/2021\/03\/ancora-grecja-wycieczka-600x400-2-300x200.jpg 300w\" sizes=\"(max-width: 600px) 100vw, 600px\" \/>\t\t\t\t\t\t\t\t\t\t\t\t\t\t\t<\/div>\n\t\t\t\t<\/div>\n\t\t\t\t\t<\/div>\n\t\t<\/div>\n\t\t\t\t\t\t\t<\/div>\n\t\t<\/section>\n\t\t\t\t<section class=\"elementor-section elementor-top-section elementor-element elementor-element-71815d5 elementor-section-boxed elementor-section-height-default elementor-section-height-default\" data-id=\"71815d5\" data-element_type=\"section\" data-settings=\"{&quot;_ha_eqh_enable&quot;:false}\">\n\t\t\t\t\t\t<div class=\"elementor-container elementor-column-gap-default\">\n\t\t\t\t\t<div class=\"elementor-column elementor-col-100 elementor-top-column elementor-element elementor-element-6235412\" data-id=\"6235412\" data-element_type=\"column\">\n\t\t\t<div class=\"elementor-widget-wrap elementor-element-populated\">\n\t\t\t\t\t\t\t\t<div class=\"elementor-element elementor-element-25f01ac elementor-widget-divider--view-line elementor-widget elementor-widget-divider\" data-id=\"25f01ac\" data-element_type=\"widget\" data-widget_type=\"divider.default\">\n\t\t\t\t<div class=\"elementor-widget-container\">\n\t\t\t\t\t<div class=\"elementor-divider\">\n\t\t\t<span class=\"elementor-divider-separator\">\n\t\t\t\t\t\t<\/span>\n\t\t<\/div>\n\t\t\t\t<\/div>\n\t\t\t\t<\/div>\n\t\t\t\t\t<\/div>\n\t\t<\/div>\n\t\t\t\t\t\t\t<\/div>\n\t\t<\/section>\n\t\t\t\t<section class=\"elementor-section elementor-top-section elementor-element elementor-element-d244a49 elementor-section-boxed elementor-section-height-default elementor-section-height-default\" data-id=\"d244a49\" data-element_type=\"section\" data-settings=\"{&quot;_ha_eqh_enable&quot;:false}\">\n\t\t\t\t\t\t<div class=\"elementor-container elementor-column-gap-default\">\n\t\t\t\t\t<div class=\"elementor-column elementor-col-100 elementor-top-column elementor-element elementor-element-e8eb9a0\" data-id=\"e8eb9a0\" data-element_type=\"column\">\n\t\t\t<div class=\"elementor-widget-wrap elementor-element-populated\">\n\t\t\t\t\t\t\t\t<div class=\"elementor-element elementor-element-ad9c532 elementor-widget elementor-widget-heading\" data-id=\"ad9c532\" data-element_type=\"widget\" data-widget_type=\"heading.default\">\n\t\t\t\t<div class=\"elementor-widget-container\">\n\t\t\t<h2 class=\"elementor-heading-title elementor-size-default\">PROGRAM WYCIECZKI*<\/h2>\t\t<\/div>\n\t\t\t\t<\/div>\n\t\t\t\t\t<\/div>\n\t\t<\/div>\n\t\t\t\t\t\t\t<\/div>\n\t\t<\/section>\n\t\t\t\t<section class=\"elementor-section elementor-top-section elementor-element elementor-element-6859a7e elementor-section-boxed elementor-section-height-default elementor-section-height-default\" data-id=\"6859a7e\" data-element_type=\"section\" data-settings=\"{&quot;_ha_eqh_enable&quot;:false}\">\n\t\t\t\t\t\t<div class=\"elementor-container elementor-column-gap-default\">\n\t\t\t\t\t<div class=\"elementor-column elementor-col-100 elementor-top-column elementor-element elementor-element-488ceb0\" data-id=\"488ceb0\" data-element_type=\"column\">\n\t\t\t<div class=\"elementor-widget-wrap elementor-element-populated\">\n\t\t\t\t\t\t\t\t<div class=\"elementor-element elementor-element-4d471ad elementor-widget elementor-widget-text-editor\" data-id=\"4d471ad\" data-element_type=\"widget\" data-widget_type=\"text-editor.default\">\n\t\t\t\t<div class=\"elementor-widget-container\">\n\t\t\t\t\t\t\t<p><strong>DZIE\u0143 I<\/strong><br \/>Wyjazd z miejsca zbi\u00f3rki.\u00a0<br \/><span style=\"font-style: inherit; font-weight: inherit;\">Przejazd do hotelu w okolicach Budapesztu. <br \/>Obiadokolacja. <br \/>Nocleg.<\/span><\/p><p><strong>DZIE\u0143 II<\/strong><br \/>Wyjazd z Budapesztu ok. godz.6:30. <br \/>Przyjazd do Salonik na nocleg &#8211; Hotel Filippos , zakwaterowanie, obiadokolacja.<\/p><p><strong>DZIE\u0143 III<\/strong><br \/>Po \u015bniadaniu wyjazd w kierunku Riwiery Olimpijskiej. Przejazd do punktu widokowego na wysoko\u015b\u0107 940 m n.p.m sk\u0105d roztacza si\u0119 widok na najwy\u017cszy szczyt masywu Olimpu \u2013 Mytikas (siedziba 12 b\u00f3stw olimpijskich).<br \/>Przejazd na zwiedzanie jednego z najpi\u0119kniejszych miejsc w Grecji \u2013 Meteor\u00f3w, klasztor\u00f3w zawieszonych w powietrzu. Objedziemy szczyty skalistych turni, aby zobaczy\u0107 wszystkie 6 monastyr\u00f3w. W ka\u017cdym z nich toczy si\u0119 \u017cycie monastyczne. Wejdziemy na teren jednego z najwi\u0119kszych, zwiedzimy cerkiew z r\u0119cznie dekorowanym katolikonem oraz ikonostasem, zobaczymy muzeum, a w nim najstarsze, r\u0119cznie pisane ikony, krucyfiksy i szaty liturgiczne tkane przez mnich\u00f3w. Poczujemy niew\u0105tpliwie klimat ascezy i mrocznego Bizancjum, w okresie kt\u00f3rego powstawa\u0142y wyj\u0105tkowe dzie\u0142a i budowle. Przejazd do pracowni ikon, w kt\u00f3rej pos\u0142uchamy i zobaczymy jak dzisiaj pisane s\u0105 ikony, w jaki spos\u00f3b pokrywane s\u0105 z\u0142otem i postarzane. <br \/>Zakwaterowanie w hotelu w Kalambace -Kosta Famissi Hotel.\u00a0<br \/><span style=\"font-style: inherit; font-weight: inherit;\">Obiadokolacja, nocleg.<\/span><\/p><p><strong>DZIE\u0143 IV<\/strong><br \/>Po \u015bniadaniu przejazd w stron\u0119 \u015arodka \u015awiata Greckiego \u2013 do Delf.<br \/>Zwiedzimy Sanktuarium Apollina ze \u015bwi\u0105tynia po\u015bwi\u0119con\u0105 b\u00f3stwu. \u015awi\u0119ta drog\u0105 przejdziemy miedzy licznymi skarbcami, zatrzymamy si\u0119 przy s\u0142ynnym czakramie, kt\u00f3ry uwa\u017cany by\u0142 przez Staro\u017cytnych za P\u0119pek \u015awiata \u2013 \u015arodek Ziemi. To jeden z 7 czakramow o energii pozytywnej dla organizmu ludzkiego. Przejdziemy do miejsca, w kt\u00f3rym niegdy\u015b sk\u0142adano ofiary wyroczni delfickiej \u2013 przepowiednie kt\u00f3re by\u0142y najbardziej wiarygodne i sprawdza\u0142y si\u0119 w ca\u0142o\u015bci.<br \/>B\u0119dziemy mieli tak\u017ce niebywa\u0142\u0105 okazj\u0119 wej\u015b\u0107 do teatru rzymskiego oraz zobaczy\u0107 Gimnazjon, w kt\u00f3rym przygotowywali si\u0119 sportowcy przed Igrzyskami Pytyjskimi, na r\u00f3wni wa\u017cnymi z tymi w Olimpii. <br \/>Po zwiedzaniu przejazd w stron\u0119 Tolo. <br \/>Post\u00f3j nad Kana\u0142em Korynckim, kt\u00f3ry robi ogromne wra\u017cenie. Przekopywany by\u0142 od 602 r p.n.e do 1896 r. Jest niemal\u017ce w ca\u0142o\u015bci stworzony przez cz\u0142owieka przy minimalnym wk\u0142adzie maszyn. \u0141\u0105czy dwa morza : Jo\u0144skie i Egejskie oraz skraca drog\u0119 miedzy wyspami i kontynentami. B\u0119dziemy mieli okazje stan\u0105\u0107 na mo\u015bcie granicznym i z wysoko\u015bci 75 m spojrze\u0107 na efekt pracy: Periandera, Kaliguli, Juliusza Ceazara, Nerona i innych wielkich tego \u015bwiata.<br \/>Zakwaterowanie w hotelu nad morzem w Tolo .<br \/>Obiadokolacja. <br \/>Nocleg.<\/p><p><strong>DZIE\u0143 V<\/strong><br \/>Czas wolny lub mo\u017cliwo\u015b\u0107 odbycia rejsu na wyspy Hydre i Spetses. <br \/>Hydra- najciekawsza z wysp archipelagu. Nie ma na niej ruchu ko\u0142owego. Ca\u0142y transport odbywa si\u0119 na grzbiecie osio\u0142k\u00f3w lub konno. Jest przyk\u0142adem kamiennej architektury wyspiarskiej i niezbywalnego pi\u0119kna. To ulubione miejsce Roberta Retforda, Lizy Minelli i z pewno\u015bci\u0105 nasze po wizycie na niej. Zwiedzimy cerkiew Metropolitalna, pokluczymy po w\u0105skich, kamiennych traktach i tysi\u0105cach schod\u00f3w do zapieraj\u0105cych dech w piersiach punkt\u00f3w widokowych. Spetses jest zdecydowanie inna \u2013 mimo, i\u017c niewielka to bardzo kosmopolityczna: rodzina Hilton\u00f3w, Big czy w\u0142a\u015bciciel znanej marki piwa Amstel upodobali sobie w\u0142a\u015bnie ta wysp\u0119 na miejsce odpoczynku. Liczne zatoczki i lazurowe w nich morze przyprawiaj\u0105 o zawr\u00f3t g\u0142owy.<br \/>Powr\u00f3t do hotelu na kolacj\u0119.<\/p><p><strong>DZIE\u0143 VI<\/strong><br \/>Przejazd na zwiedzanie Argolidy: Nafplionu \u2013 stolicy m\u0142odej niepodleg\u0142ej Grecji. Tutaj zasiada\u0142o pierwsze Zgromadzenie Narodowe, tutaj dokonano zamachu na pierwszego prezydenta Grecji oraz tutaj pomieszkiwa\u0142a rodzina pierwszego kr\u00f3la. Nad miastem g\u00f3ruj\u0105 2 forty, na \u015brodku zatoki na miasto spogl\u0105da bastion \u2013 ten wyj\u0105tkowy wenecki klimat sprawi\u0142, ze Nafplio jest jednym z najpi\u0119kniejszych miast Grecji.<br \/>Przejazd do Myken. Wejdziemy do grobu Agamemnona \u2013 Skarbaca Atreusza, przez Bram\u0119 Lwoc przechodz\u0105c zwiedzimy cytadele myke\u0144ska. Wejdziemy do muzeum, w kt\u00f3rym kilogramy z\u0142ota w wyrobach udowodnia nam jak bardzo rozwini\u0119ta by\u0142a kultura myke\u0144ska. Z\u0142ota maska Agamemnona i jej historia przybli\u017cy istot\u0119 rodu Atryd\u00f3w.<br \/>Powr\u00f3t do hotelu w Tolo, czas wolny. Obiadokolacja. Nocleg.<\/p><p><strong>DZIE\u0143 VII<\/strong><br \/>Czas wolny. \u015awiadczenia w hotelu.<\/p><p><strong>DZIE\u0143 VIII<\/strong><br \/>Po \u015bniadaniu przejazd na zwiedzanie Staro\u017cytnego Koryntu, kt\u00f3ry by\u0142 jednym z najwi\u0119kszych i najwa\u017cniejszych pa\u0144stw-miast Grecji oraz wa\u017cnym centrum kultury i sztuki greckiej. Zobaczymy beme \u015aw. Paw\u0142a, kt\u00f3ry podczas swojej drugiej podr\u00f3\u017cy misyjnej naucza\u0142 tu przez p\u00f3\u0142tora roku i za\u0142o\u017cy\u0142 gmin\u0119 chrze\u015bcija\u0144sk\u0105. Znane s\u0105 jego listy zwi\u0105zane z mieszka\u0144cami miasta: Listy do Koryntian.<br \/>Nast\u0119pnie Ateny poznamy zwiedzaj\u0105c m.in: Akropol z Partenonem, Erechtejonem i Propylejami. Zobaczymy Agore Grecka, Forum Romanum, \u015awi\u0105tynie Zeusa Olimpijskiego. Wejdziemy na Wzg\u00f3rze Aresa, zwane potocznie Areopagiem, to tutaj zjawi\u0142 \u015bw. Pawe\u0142, kt\u00f3ry, jak mo\u017cna przeczyta\u0107 w \u201eDziejach Apostolskich\u201d przemawia\u0142 do cz\u0142onk\u00f3w Areopagu i zdo\u0142a\u0142 przekona\u0107 areopagit\u0119 Dionizosa do przej\u015bcia na wiar\u0119 chrze\u015bcija\u0144sk\u0105. Na pami\u0105tk\u0119 tego wydarzenia, ate\u0144czycy umie\u015bcili na wzg\u00f3rzu w 1938 r. specjaln\u0105 tabliczk\u0119 ze stosownym fragmentem z Dziej\u00f3w Apostolskich. Zakwaterowanie w hotelu w Atenach. <br \/>Wieczorny objazd miasta podczas kt\u00f3rego zobaczmy: Tryptyk Ate\u0144ski, Stadion Panatenajski przy kt\u00f3rym ko\u0144czy si\u0119 42 km biegu marato\u0144skiego, zobaczymy teatralna zmian\u0119 warty pod Parlamentem (przy Grobie Nieznanego \u017bo\u0142nierza). Spacer po Place \u2013 niegdy\u015b dzielnicy rzemie\u015blniczej, a dzisiaj rozrywkowo \u2013 handlowej, nad kt\u00f3r\u0105 kr\u00f3luje pod\u015bwietlony noc\u0105 Akropol.<br \/>Zakwaterowanie w Atenach \u2013 Hotel Mirabello, Obiadokolacja, nocleg.<\/p><p><strong>DZIE\u0143 IX<\/strong><br \/>Po \u015bniadaniu przejazd na p\u00f3\u0142noc. Po drodze post\u00f3j w Thermopilach \u2013 wyj\u0105tkowe dla Grek\u00f3w historyczne miejsce s\u0142ynnej bitwy 480 r p.n.e miedzy Persami i Grekami. Zobaczymy pomnik Leonidasa.<\/p><p>Zwiedzanie Salonik: Bia\u0142a Wie\u017ca \u2013 symbol miasta, zobaczymy okaza\u0142y pomnik Aleksandra Wielkiego, kt\u00f3ry dosiada swego konia Bucefa\u0142a, oraz pomnik Filipa II. Nast\u0119pnie odwiedzimy Bazylik\u0119 \u015bw. Dimitrosa, posiadaj\u0105ca kaplic\u0119 z relikwiami \u015bwi\u0119tego Dymitra, objazd miasta: zobaczymy Rotund\u0119, pochodzi z prze\u0142omu III i IV wieku jest najstarszym zabytkiem Salonik. Niegdy\u015b tworzy\u0142a ca\u0142o\u015b\u0107 z \u0141ukiem Galeriusza (wraz z \u0141ukiem, hipodromem i pa\u0142acem cesarskim tworzy\u0142a jeden imponuj\u0105cy kompleks), \u0141uk Galeriusza (Kamara), to najbardziej charakterystyczny zabytek miasta. Wzniesiony zosta\u0142 po zwyci\u0119stwie nad Persami w 297 roku. Niegdy\u015b majestatyczny \u0142uk tworzy\u0142y cztery filary \u2013 do naszych czas\u00f3w jednak zachowa\u0142y si\u0119 tylko dwa. <br \/>Zakwaterowanie w Salonikach &#8211; Hotel Filippos. Obiadokolacja. Nocleg.<\/p><p><strong>DZIE\u0143 X<\/strong><br \/>\u015aniadanie. Wyjazd do Budapesztu. Obiadokolacja. Nocleg.<\/p><p><strong>DZIE\u0143 XI<\/strong><br \/>\u015aniadanie. Wyjazd do Polski<\/p><p class=\"MsoNormal\"><strong>* Program jest ramowy i mo\u017ce ulec zmianie w zale\u017cno\u015bci od potrzeb grupy.<\/strong><\/p>\t\t\t\t\t\t<\/div>\n\t\t\t\t<\/div>\n\t\t\t\t\t<\/div>\n\t\t<\/div>\n\t\t\t\t\t\t\t<\/div>\n\t\t<\/section>\n\t\t\t\t<section class=\"elementor-section elementor-top-section elementor-element elementor-element-a1e90d7 elementor-section-boxed elementor-section-height-default elementor-section-height-default\" data-id=\"a1e90d7\" data-element_type=\"section\" data-settings=\"{&quot;_ha_eqh_enable&quot;:false}\">\n\t\t\t\t\t\t<div class=\"elementor-container elementor-column-gap-default\">\n\t\t\t\t\t<div class=\"elementor-column elementor-col-100 elementor-top-column elementor-element elementor-element-cdf064d\" data-id=\"cdf064d\" data-element_type=\"column\">\n\t\t\t<div class=\"elementor-widget-wrap elementor-element-populated\">\n\t\t\t\t\t\t\t\t<div class=\"elementor-element elementor-element-a589df9 elementor-widget-divider--view-line elementor-widget elementor-widget-divider\" data-id=\"a589df9\" data-element_type=\"widget\" data-widget_type=\"divider.default\">\n\t\t\t\t<div class=\"elementor-widget-container\">\n\t\t\t\t\t<div class=\"elementor-divider\">\n\t\t\t<span class=\"elementor-divider-separator\">\n\t\t\t\t\t\t<\/span>\n\t\t<\/div>\n\t\t\t\t<\/div>\n\t\t\t\t<\/div>\n\t\t\t\t\t<\/div>\n\t\t<\/div>\n\t\t\t\t\t\t\t<\/div>\n\t\t<\/section>\n\t\t\t\t<section class=\"elementor-section elementor-top-section elementor-element elementor-element-6229897 elementor-section-boxed elementor-section-height-default elementor-section-height-default\" data-id=\"6229897\" data-element_type=\"section\" data-settings=\"{&quot;_ha_eqh_enable&quot;:false}\">\n\t\t\t\t\t\t<div class=\"elementor-container elementor-column-gap-default\">\n\t\t\t\t\t<div class=\"elementor-column elementor-col-100 elementor-top-column elementor-element elementor-element-6ece352\" data-id=\"6ece352\" data-element_type=\"column\">\n\t\t\t<div class=\"elementor-widget-wrap elementor-element-populated\">\n\t\t\t\t\t\t\t\t<div class=\"elementor-element elementor-element-d815fba elementor-widget elementor-widget-text-editor\" data-id=\"d815fba\" data-element_type=\"widget\" data-widget_type=\"text-editor.default\">\n\t\t\t\t<div class=\"elementor-widget-container\">\n\t\t\t\t\t\t\t<p><strong>CENA ZAWIERA:<\/strong><br \/>&#8211; przejazd klimatyzowanym autokarem,<br \/>&#8211; 2 noclegi tranzytowe w okolicach Budapesztu z wy\u017cywieniem HB,<br \/>&#8211; 8 nocleg\u00f3w w Grecji z wy\u017cywieniem HB,<br \/>&#8211; ubezpieczenie KL, NNW<br \/>&#8211; opiek\u0119 pilota,<br \/>&#8211; op\u0142at\u0119 na lokalnych przewodnik\u00f3w.<\/p>\t\t\t\t\t\t<\/div>\n\t\t\t\t<\/div>\n\t\t\t\t\t<\/div>\n\t\t<\/div>\n\t\t\t\t\t\t\t<\/div>\n\t\t<\/section>\n\t\t\t\t<section class=\"elementor-section elementor-top-section elementor-element elementor-element-0e167e3 elementor-section-boxed elementor-section-height-default elementor-section-height-default\" data-id=\"0e167e3\" data-element_type=\"section\" data-settings=\"{&quot;_ha_eqh_enable&quot;:false}\">\n\t\t\t\t\t\t<div class=\"elementor-container elementor-column-gap-default\">\n\t\t\t\t\t<div class=\"elementor-column elementor-col-100 elementor-top-column elementor-element elementor-element-4da0ffd\" data-id=\"4da0ffd\" data-element_type=\"column\">\n\t\t\t<div class=\"elementor-widget-wrap elementor-element-populated\">\n\t\t\t\t\t\t\t\t<div class=\"elementor-element elementor-element-ae719dd elementor-widget elementor-widget-text-editor\" data-id=\"ae719dd\" data-element_type=\"widget\" data-widget_type=\"text-editor.default\">\n\t\t\t\t<div class=\"elementor-widget-container\">\n\t\t\t\t\t\t\t<p><strong>CENA NIE ZAWIERA:<br \/><\/strong>&#8211; bilet\u00f3w wst\u0119pu do zwiedzanych obiekt\u00f3w,<br \/>&#8211; op\u0142aty klimatycznej.<\/p><p>\u00a0<\/p>\t\t\t\t\t\t<\/div>\n\t\t\t\t<\/div>\n\t\t\t\t\t<\/div>\n\t\t<\/div>\n\t\t\t\t\t\t\t<\/div>\n\t\t<\/section>\n\t\t\t\t<section class=\"elementor-section elementor-top-section elementor-element elementor-element-e356987 elementor-section-boxed elementor-section-height-default elementor-section-height-default\" data-id=\"e356987\" data-element_type=\"section\" data-settings=\"{&quot;_ha_eqh_enable&quot;:false}\">\n\t\t\t\t\t\t<div class=\"elementor-container elementor-column-gap-default\">\n\t\t\t\t\t<div class=\"elementor-column elementor-col-100 elementor-top-column elementor-element elementor-element-bc994e2\" data-id=\"bc994e2\" data-element_type=\"column\">\n\t\t\t<div class=\"elementor-widget-wrap elementor-element-populated\">\n\t\t\t\t\t\t\t\t<div class=\"elementor-element elementor-element-73a6374 elementor-widget-divider--view-line elementor-widget elementor-widget-divider\" data-id=\"73a6374\" data-element_type=\"widget\" data-widget_type=\"divider.default\">\n\t\t\t\t<div class=\"elementor-widget-container\">\n\t\t\t\t\t<div class=\"elementor-divider\">\n\t\t\t<span class=\"elementor-divider-separator\">\n\t\t\t\t\t\t<\/span>\n\t\t<\/div>\n\t\t\t\t<\/div>\n\t\t\t\t<\/div>\n\t\t\t\t\t<\/div>\n\t\t<\/div>\n\t\t\t\t\t\t\t<\/div>\n\t\t<\/section>\n\t\t\t\t<section class=\"elementor-section elementor-top-section elementor-element elementor-element-1ebf216 elementor-section-boxed elementor-section-height-default elementor-section-height-default\" data-id=\"1ebf216\" data-element_type=\"section\" data-settings=\"{&quot;_ha_eqh_enable&quot;:false}\">\n\t\t\t\t\t\t<div class=\"elementor-container elementor-column-gap-default\">\n\t\t\t\t\t<div class=\"elementor-column elementor-col-100 elementor-top-column elementor-element elementor-element-cd37508\" data-id=\"cd37508\" data-element_type=\"column\">\n\t\t\t<div class=\"elementor-widget-wrap\">\n\t\t\t\t\t\t\t\t\t<\/div>\n\t\t<\/div>\n\t\t\t\t\t\t\t<\/div>\n\t\t<\/section>\n\t\t\t\t\t\t\t<\/div>\n\t\t","protected":false},"excerpt":{"rendered":"<p>GRECJA PROGRAM WYCIECZKI* DZIE\u0143 IWyjazd z miejsca zbi\u00f3rki.\u00a0Przejazd do hotelu w okolicach Budapesztu. Obiadokolacja. Nocleg. DZIE\u0143 IIWyjazd z Budapesztu ok. godz.6:30. Przyjazd do Salonik na nocleg &#8211; Hotel Filippos , zakwaterowanie, obiadokolacja. DZIE\u0143 IIIPo \u015bniadaniu wyjazd w kierunku Riwiery Olimpijskiej. Przejazd do punktu widokowego na wysoko\u015b\u0107 940 m n.p.m sk\u0105d roztacza si\u0119 widok na najwy\u017cszy &hellip;<\/p>\n<p class=\"read-more\"> <a class=\"\" href=\"https:\/\/ancora.info.pl\/?page_id=377\"> <span class=\"screen-reader-text\">Grecja<\/span> Read More &raquo;<\/a><\/p>\n","protected":false},"author":1,"featured_media":0,"parent":0,"menu_order":0,"comment_status":"closed","ping_status":"closed","template":"","meta":[],"_links":{"self":[{"href":"https:\/\/ancora.info.pl\/index.php?rest_route=\/wp\/v2\/pages\/377"}],"collection":[{"href":"https:\/\/ancora.info.pl\/index.php?rest_route=\/wp\/v2\/pages"}],"about":[{"href":"https:\/\/ancora.info.pl\/index.php?rest_route=\/wp\/v2\/types\/page"}],"author":[{"embeddable":true,"href":"https:\/\/ancora.info.pl\/index.php?rest_route=\/wp\/v2\/users\/1"}],"replies":[{"embeddable":true,"href":"https:\/\/ancora.info.pl\/index.php?rest_route=%2Fwp%2Fv2%2Fcomments&post=377"}],"version-history":[{"count":10,"href":"https:\/\/ancora.info.pl\/index.php?rest_route=\/wp\/v2\/pages\/377\/revisions"}],"predecessor-version":[{"id":846,"href":"https:\/\/ancora.info.pl\/index.php?rest_route=\/wp\/v2\/pages\/377\/revisions\/846"}],"wp:attachment":[{"href":"https:\/\/ancora.info.pl\/index.php?rest_route=%2Fwp%2Fv2%2Fmedia&parent=377"}],"curies":[{"name":"wp","href":"https:\/\/api.w.org\/{rel}","templated":true}]}}