{"id":586,"date":"2021-03-15T13:49:27","date_gmt":"2021-03-15T12:49:27","guid":{"rendered":"http:\/\/wordpress2167206.home.pl\/autoinstalator\/wordpressplugins3\/?page_id=586"},"modified":"2021-03-15T14:11:28","modified_gmt":"2021-03-15T13:11:28","slug":"sankt-petersburg-moskwa","status":"publish","type":"page","link":"https:\/\/ancora.info.pl\/?page_id=586","title":{"rendered":"Sankt Petersburg &#8211; Moskwa"},"content":{"rendered":"\t\t<div data-elementor-type=\"wp-page\" data-elementor-id=\"586\" class=\"elementor elementor-586\">\n\t\t\t\t\t\t\t\t\t<section class=\"elementor-section elementor-top-section elementor-element elementor-element-1b6d831 elementor-section-boxed elementor-section-height-default elementor-section-height-default\" data-id=\"1b6d831\" data-element_type=\"section\" data-settings=\"{&quot;_ha_eqh_enable&quot;:false}\">\n\t\t\t\t\t\t<div class=\"elementor-container elementor-column-gap-default\">\n\t\t\t\t\t<div class=\"elementor-column elementor-col-100 elementor-top-column elementor-element elementor-element-170effd\" data-id=\"170effd\" data-element_type=\"column\">\n\t\t\t<div class=\"elementor-widget-wrap elementor-element-populated\">\n\t\t\t\t\t\t\t\t<div class=\"elementor-element elementor-element-51c7780 elementor-widget elementor-widget-heading\" data-id=\"51c7780\" data-element_type=\"widget\" data-widget_type=\"heading.default\">\n\t\t\t\t<div class=\"elementor-widget-container\">\n\t\t\t<h2 class=\"elementor-heading-title elementor-size-default\">KOWNO - RYGA - TALLIN - SANKT PETERSBURG \n- MOSKWA - REZEKNE - WILNO<\/h2>\t\t<\/div>\n\t\t\t\t<\/div>\n\t\t\t\t\t<\/div>\n\t\t<\/div>\n\t\t\t\t\t\t\t<\/div>\n\t\t<\/section>\n\t\t\t\t<section class=\"elementor-section elementor-top-section elementor-element elementor-element-df0ab89 elementor-section-boxed elementor-section-height-default elementor-section-height-default\" data-id=\"df0ab89\" data-element_type=\"section\" data-settings=\"{&quot;_ha_eqh_enable&quot;:false}\">\n\t\t\t\t\t\t<div class=\"elementor-container elementor-column-gap-default\">\n\t\t\t\t\t<div class=\"elementor-column elementor-col-100 elementor-top-column elementor-element elementor-element-c6239c1\" data-id=\"c6239c1\" data-element_type=\"column\">\n\t\t\t<div class=\"elementor-widget-wrap elementor-element-populated\">\n\t\t\t\t\t\t\t\t<div class=\"elementor-element elementor-element-a329aed elementor-widget-divider--view-line elementor-widget elementor-widget-divider\" data-id=\"a329aed\" data-element_type=\"widget\" data-widget_type=\"divider.default\">\n\t\t\t\t<div class=\"elementor-widget-container\">\n\t\t\t\t\t<div class=\"elementor-divider\">\n\t\t\t<span class=\"elementor-divider-separator\">\n\t\t\t\t\t\t<\/span>\n\t\t<\/div>\n\t\t\t\t<\/div>\n\t\t\t\t<\/div>\n\t\t\t\t\t<\/div>\n\t\t<\/div>\n\t\t\t\t\t\t\t<\/div>\n\t\t<\/section>\n\t\t\t\t<section class=\"elementor-section elementor-top-section elementor-element elementor-element-9dde13c elementor-section-boxed elementor-section-height-default elementor-section-height-default\" data-id=\"9dde13c\" data-element_type=\"section\" data-settings=\"{&quot;_ha_eqh_enable&quot;:false}\">\n\t\t\t\t\t\t<div class=\"elementor-container elementor-column-gap-default\">\n\t\t\t\t\t<div class=\"elementor-column elementor-col-33 elementor-top-column elementor-element elementor-element-0ed08c8\" data-id=\"0ed08c8\" data-element_type=\"column\">\n\t\t\t<div class=\"elementor-widget-wrap elementor-element-populated\">\n\t\t\t\t\t\t\t\t<div class=\"elementor-element elementor-element-4ff9c4e elementor-widget elementor-widget-image\" data-id=\"4ff9c4e\" data-element_type=\"widget\" data-widget_type=\"image.default\">\n\t\t\t\t<div class=\"elementor-widget-container\">\n\t\t\t\t\t\t\t\t\t\t\t\t\t\t\t<img width=\"600\" height=\"400\" src=\"https:\/\/ancora.info.pl\/wp-content\/uploads\/2021\/03\/ancora-moskwa-wycieczka-600x400-2.jpg\" class=\"attachment-large size-large\" alt=\"\" loading=\"lazy\" srcset=\"https:\/\/ancora.info.pl\/wp-content\/uploads\/2021\/03\/ancora-moskwa-wycieczka-600x400-2.jpg 600w, https:\/\/ancora.info.pl\/wp-content\/uploads\/2021\/03\/ancora-moskwa-wycieczka-600x400-2-300x200.jpg 300w\" sizes=\"(max-width: 600px) 100vw, 600px\" \/>\t\t\t\t\t\t\t\t\t\t\t\t\t\t\t<\/div>\n\t\t\t\t<\/div>\n\t\t\t\t\t<\/div>\n\t\t<\/div>\n\t\t\t\t<div class=\"elementor-column elementor-col-33 elementor-top-column elementor-element elementor-element-8929323\" data-id=\"8929323\" data-element_type=\"column\">\n\t\t\t<div class=\"elementor-widget-wrap elementor-element-populated\">\n\t\t\t\t\t\t\t\t<div class=\"elementor-element elementor-element-4301757 elementor-widget elementor-widget-image\" data-id=\"4301757\" data-element_type=\"widget\" data-widget_type=\"image.default\">\n\t\t\t\t<div class=\"elementor-widget-container\">\n\t\t\t\t\t\t\t\t\t\t\t\t\t\t\t<img width=\"600\" height=\"400\" src=\"https:\/\/ancora.info.pl\/wp-content\/uploads\/2021\/03\/the-hermitage-4590401_640.jpg\" class=\"attachment-large size-large\" alt=\"\" loading=\"lazy\" srcset=\"https:\/\/ancora.info.pl\/wp-content\/uploads\/2021\/03\/the-hermitage-4590401_640.jpg 600w, https:\/\/ancora.info.pl\/wp-content\/uploads\/2021\/03\/the-hermitage-4590401_640-300x200.jpg 300w\" sizes=\"(max-width: 600px) 100vw, 600px\" \/>\t\t\t\t\t\t\t\t\t\t\t\t\t\t\t<\/div>\n\t\t\t\t<\/div>\n\t\t\t\t\t<\/div>\n\t\t<\/div>\n\t\t\t\t<div class=\"elementor-column elementor-col-33 elementor-top-column elementor-element elementor-element-b6b6ec6\" data-id=\"b6b6ec6\" data-element_type=\"column\">\n\t\t\t<div class=\"elementor-widget-wrap elementor-element-populated\">\n\t\t\t\t\t\t\t\t<div class=\"elementor-element elementor-element-b5ccc37 elementor-widget elementor-widget-image\" data-id=\"b5ccc37\" data-element_type=\"widget\" data-widget_type=\"image.default\">\n\t\t\t\t<div class=\"elementor-widget-container\">\n\t\t\t\t\t\t\t\t\t\t\t\t\t\t\t<img width=\"600\" height=\"400\" src=\"https:\/\/ancora.info.pl\/wp-content\/uploads\/2021\/03\/ancora-moskwa-wycieczka.jpg\" class=\"attachment-large size-large\" alt=\"\" loading=\"lazy\" srcset=\"https:\/\/ancora.info.pl\/wp-content\/uploads\/2021\/03\/ancora-moskwa-wycieczka.jpg 600w, https:\/\/ancora.info.pl\/wp-content\/uploads\/2021\/03\/ancora-moskwa-wycieczka-300x200.jpg 300w\" sizes=\"(max-width: 600px) 100vw, 600px\" \/>\t\t\t\t\t\t\t\t\t\t\t\t\t\t\t<\/div>\n\t\t\t\t<\/div>\n\t\t\t\t\t<\/div>\n\t\t<\/div>\n\t\t\t\t\t\t\t<\/div>\n\t\t<\/section>\n\t\t\t\t<section class=\"elementor-section elementor-top-section elementor-element elementor-element-f44e6e5 elementor-section-boxed elementor-section-height-default elementor-section-height-default\" data-id=\"f44e6e5\" data-element_type=\"section\" data-settings=\"{&quot;_ha_eqh_enable&quot;:false}\">\n\t\t\t\t\t\t<div class=\"elementor-container elementor-column-gap-default\">\n\t\t\t\t\t<div class=\"elementor-column elementor-col-33 elementor-top-column elementor-element elementor-element-329b966\" data-id=\"329b966\" data-element_type=\"column\">\n\t\t\t<div class=\"elementor-widget-wrap elementor-element-populated\">\n\t\t\t\t\t\t\t\t<div class=\"elementor-element elementor-element-bb690af elementor-widget elementor-widget-image\" data-id=\"bb690af\" data-element_type=\"widget\" data-widget_type=\"image.default\">\n\t\t\t\t<div class=\"elementor-widget-container\">\n\t\t\t\t\t\t\t\t\t\t\t\t\t\t\t<img width=\"600\" height=\"400\" src=\"https:\/\/ancora.info.pl\/wp-content\/uploads\/2021\/03\/ancora-ryga-wycieczka.jpg\" class=\"attachment-large size-large\" alt=\"\" loading=\"lazy\" srcset=\"https:\/\/ancora.info.pl\/wp-content\/uploads\/2021\/03\/ancora-ryga-wycieczka.jpg 600w, https:\/\/ancora.info.pl\/wp-content\/uploads\/2021\/03\/ancora-ryga-wycieczka-300x200.jpg 300w\" sizes=\"(max-width: 600px) 100vw, 600px\" \/>\t\t\t\t\t\t\t\t\t\t\t\t\t\t\t<\/div>\n\t\t\t\t<\/div>\n\t\t\t\t\t<\/div>\n\t\t<\/div>\n\t\t\t\t<div class=\"elementor-column elementor-col-33 elementor-top-column elementor-element elementor-element-d8c6a4a\" data-id=\"d8c6a4a\" data-element_type=\"column\">\n\t\t\t<div class=\"elementor-widget-wrap elementor-element-populated\">\n\t\t\t\t\t\t\t\t<div class=\"elementor-element elementor-element-4975885 elementor-widget elementor-widget-image\" data-id=\"4975885\" data-element_type=\"widget\" data-widget_type=\"image.default\">\n\t\t\t\t<div class=\"elementor-widget-container\">\n\t\t\t\t\t\t\t\t\t\t\t\t\t\t\t<img width=\"600\" height=\"400\" src=\"https:\/\/ancora.info.pl\/wp-content\/uploads\/2021\/03\/ancora-wilno-wycieczka-2.jpg\" class=\"attachment-large size-large\" alt=\"\" loading=\"lazy\" srcset=\"https:\/\/ancora.info.pl\/wp-content\/uploads\/2021\/03\/ancora-wilno-wycieczka-2.jpg 600w, https:\/\/ancora.info.pl\/wp-content\/uploads\/2021\/03\/ancora-wilno-wycieczka-2-300x200.jpg 300w\" sizes=\"(max-width: 600px) 100vw, 600px\" \/>\t\t\t\t\t\t\t\t\t\t\t\t\t\t\t<\/div>\n\t\t\t\t<\/div>\n\t\t\t\t\t<\/div>\n\t\t<\/div>\n\t\t\t\t<div class=\"elementor-column elementor-col-33 elementor-top-column elementor-element elementor-element-0b45b13\" data-id=\"0b45b13\" data-element_type=\"column\">\n\t\t\t<div class=\"elementor-widget-wrap elementor-element-populated\">\n\t\t\t\t\t\t\t\t<div class=\"elementor-element elementor-element-4ef4f21 elementor-widget elementor-widget-image\" data-id=\"4ef4f21\" data-element_type=\"widget\" data-widget_type=\"image.default\">\n\t\t\t\t<div class=\"elementor-widget-container\">\n\t\t\t\t\t\t\t\t\t\t\t\t\t\t\t<img width=\"600\" height=\"400\" src=\"https:\/\/ancora.info.pl\/wp-content\/uploads\/2021\/03\/ancora-wilno-wycieczka-1.jpg\" class=\"attachment-large size-large\" alt=\"\" loading=\"lazy\" srcset=\"https:\/\/ancora.info.pl\/wp-content\/uploads\/2021\/03\/ancora-wilno-wycieczka-1.jpg 600w, https:\/\/ancora.info.pl\/wp-content\/uploads\/2021\/03\/ancora-wilno-wycieczka-1-300x200.jpg 300w\" sizes=\"(max-width: 600px) 100vw, 600px\" \/>\t\t\t\t\t\t\t\t\t\t\t\t\t\t\t<\/div>\n\t\t\t\t<\/div>\n\t\t\t\t\t<\/div>\n\t\t<\/div>\n\t\t\t\t\t\t\t<\/div>\n\t\t<\/section>\n\t\t\t\t<section class=\"elementor-section elementor-top-section elementor-element elementor-element-71815d5 elementor-section-boxed elementor-section-height-default elementor-section-height-default\" data-id=\"71815d5\" data-element_type=\"section\" data-settings=\"{&quot;_ha_eqh_enable&quot;:false}\">\n\t\t\t\t\t\t<div class=\"elementor-container elementor-column-gap-default\">\n\t\t\t\t\t<div class=\"elementor-column elementor-col-100 elementor-top-column elementor-element elementor-element-6235412\" data-id=\"6235412\" data-element_type=\"column\">\n\t\t\t<div class=\"elementor-widget-wrap elementor-element-populated\">\n\t\t\t\t\t\t\t\t<div class=\"elementor-element elementor-element-25f01ac elementor-widget-divider--view-line elementor-widget elementor-widget-divider\" data-id=\"25f01ac\" data-element_type=\"widget\" data-widget_type=\"divider.default\">\n\t\t\t\t<div class=\"elementor-widget-container\">\n\t\t\t\t\t<div class=\"elementor-divider\">\n\t\t\t<span class=\"elementor-divider-separator\">\n\t\t\t\t\t\t<\/span>\n\t\t<\/div>\n\t\t\t\t<\/div>\n\t\t\t\t<\/div>\n\t\t\t\t\t<\/div>\n\t\t<\/div>\n\t\t\t\t\t\t\t<\/div>\n\t\t<\/section>\n\t\t\t\t<section class=\"elementor-section elementor-top-section elementor-element elementor-element-d244a49 elementor-section-boxed elementor-section-height-default elementor-section-height-default\" data-id=\"d244a49\" data-element_type=\"section\" data-settings=\"{&quot;_ha_eqh_enable&quot;:false}\">\n\t\t\t\t\t\t<div class=\"elementor-container elementor-column-gap-default\">\n\t\t\t\t\t<div class=\"elementor-column elementor-col-100 elementor-top-column elementor-element elementor-element-e8eb9a0\" data-id=\"e8eb9a0\" data-element_type=\"column\">\n\t\t\t<div class=\"elementor-widget-wrap elementor-element-populated\">\n\t\t\t\t\t\t\t\t<div class=\"elementor-element elementor-element-ad9c532 elementor-widget elementor-widget-heading\" data-id=\"ad9c532\" data-element_type=\"widget\" data-widget_type=\"heading.default\">\n\t\t\t\t<div class=\"elementor-widget-container\">\n\t\t\t<h2 class=\"elementor-heading-title elementor-size-default\">PROGRAM WYCIECZKI*<\/h2>\t\t<\/div>\n\t\t\t\t<\/div>\n\t\t\t\t\t<\/div>\n\t\t<\/div>\n\t\t\t\t\t\t\t<\/div>\n\t\t<\/section>\n\t\t\t\t<section class=\"elementor-section elementor-top-section elementor-element elementor-element-6859a7e elementor-section-boxed elementor-section-height-default elementor-section-height-default\" data-id=\"6859a7e\" data-element_type=\"section\" data-settings=\"{&quot;_ha_eqh_enable&quot;:false}\">\n\t\t\t\t\t\t<div class=\"elementor-container elementor-column-gap-default\">\n\t\t\t\t\t<div class=\"elementor-column elementor-col-100 elementor-top-column elementor-element elementor-element-488ceb0\" data-id=\"488ceb0\" data-element_type=\"column\">\n\t\t\t<div class=\"elementor-widget-wrap elementor-element-populated\">\n\t\t\t\t\t\t\t\t<div class=\"elementor-element elementor-element-4d471ad elementor-widget elementor-widget-text-editor\" data-id=\"4d471ad\" data-element_type=\"widget\" data-widget_type=\"text-editor.default\">\n\t\t\t\t<div class=\"elementor-widget-container\">\n\t\t\t\t\t\t\t<p><strong>DZIE\u0143 I<\/strong><br \/>Wyjazd z miejsca zbi\u00f3rki o godz. 4.00.\u00a0<br \/><span style=\"font-style: inherit; font-weight: inherit;\">Przejazd do Kowna (kr\u00f3tkie zwiedzanie). <br \/>Nast\u0119pnie przejazd do Rygi. <br \/>Zakwaterowanie w hotelu. <br \/>Obiadokolacja. <br \/>Nocleg.<\/span><\/p><p><strong>DZIE\u0143 II<\/strong><br \/>Ryga. <br \/>Po \u015bniadaniu zwiedzanie miasta z przewodnikiem, m.in.: katedra, ko\u015bci\u00f3\u0142 \u015bw. Piotra ze 140-metrow\u0105 wie\u017c\u0105, domy zabytkowe, gildie kupieckie z XIX wieku i mury obronne, ratusz. <br \/>Wyjazd w kierunku Estonii &#8211; KIRCHOLM, wie\u015b na po\u0142udnie od Rygi, na lewym brzegu D\u017awiny, miejsce zwyci\u0119skiej bitwy polskiej husarii, kt\u00f3ra 27 IX 1605 rozegra\u0142a si\u0119 pod wodz\u0105 J.K. Chodkiewicza, obecnie Salaspils &#8211; granica \u0141otwa \/ Estonia &#8211; Parnawa \u2013 TALLIN, zakwaterowanie w hotelu, obiadokolacja, nocleg.<\/p><p><strong>DZIE\u0143 III<\/strong><br \/>Tallin.\u00a0<br \/>Po \u015bniadaniu zwiedzanie zabytk\u00f3w Dolnego i G\u00f3rnego Miasta, m.in.: zamek, katedra, ko\u015bcio\u0142y: \u015bw. Olafa, \u015bw. Piotra i Paw\u0142a, ratusz, pozosta\u0142o\u015bci obwarowa\u0144 miejskich, pa\u0142ac &#8211; rezydencja Piotra I Wielkiego, Wielka Gildia (XV w.), Gildia \u015bw. Olafa, gotyckie domy mieszkalne, Dom Bractwa Czarnog\u0142owych, Brama Morska \u2013 granica Estonia \/ Rosja &#8211; PETERSBURG, zakwaterowanie w hotelu, obiadokolacja, nocleg.<\/p><p><strong>DZIE\u0143 IV<\/strong><br \/>Petersburg.<br \/><span style=\"font-style: inherit; font-weight: inherit;\">Po \u015bniadaniu wycieczka do PETERHOFU, zwiedzanie Parku Dolnego, gdzie zgromadzone s\u0105 najpi\u0119kniejsze fontanny i kaskady. Dalej wycieczka objazdowa po mie\u015bcie, m.in.: Plac Teatralny, nabrze\u017ce Newy, Pa\u0142ac Zimowy, Wyspa Wasilewska, Pa\u0142ac Marmurowy, Newski Prospekt, Smolny, kr\u0105\u017cownik \u201eAurora\u201d, Sob\u00f3r Kaza\u0144ski, katedra \u015aw. Izaaka (wewn\u0105trz), Admiralicja, Twierdza Pietropaw\u0142owska (wewn\u0105trz) z katedr\u0105 Piotra i Paw\u0142a, w kt\u00f3rej znajduj\u0105 si\u0119 groby car\u00f3w. <br \/>Powr\u00f3t do hotelu. <br \/>Obiadokolacja. <br \/>Rejs statkiem po Newie (fakultatywnie). <br \/>Nocleg.<\/span><\/p><p><strong>DZIE\u0143 V<\/strong><br \/>Petersburg.\u00a0<br \/>Po \u015bniadaniu zwiedzanie &#8211; \u0141awra Aleksandro-Newska, cerkiew \u201eSpas na Krowi\u201d oraz Pa\u0142ac Zimowy w kt\u00f3rym znajduje si\u0119 jedno z najwi\u0119kszych muze\u00f3w \u015bwiata \u2013 ERMITA\u017b. <br \/>Obiadokolacja. <br \/>Czas wolny. <br \/>Fakultatywnie &#8211; wieczorek folklorystyczny w Pa\u0142acu Miko\u0142ajewskim z pocz\u0119stunkiem (dodatkowo p\u0142atne). Nocleg.<\/p><p><strong>DZIE\u0143 VI<\/strong><br \/>Petersburg &#8211; po \u015bniadaniu wykwaterowanie. <br \/>Przejazd do Moskwy, zakwaterowanie w hotelu. <br \/>Obiadokolacja. <br \/>Nocleg.<\/p><p><strong>DZIE\u0143 VII<\/strong><br \/>Po \u015bniadaniu autokarowa wycieczka objazdowa: plac Czerwony, ogl\u0105danie z zewn\u0105trz soboru Kaza\u0144skiego, cerkwi Wasyla B\u0142a\u017cennego, Muzeum Historycznego, \u201eWierchnijeTargowyjeRiady\u201d &#8211; G\u0142\u00f3wny Powszechny Dom Towarowy (GUM), przejazd wybrze\u017cem Sofijskim (panorama Kremla z drugiej strony rzeki Moskwy), Worobiowe Wzg\u00f3rza, cerkiew Chrystusa Zbawiciela, klasztor Nowodziewiczy, wybudowany w 1524 roku oraz cmentarz Nowodziewiczy na kt\u00f3rym pochowani m.in.: M. Bulhakow, M. Gogol, R. Gorbaczowa, W. Majakowski, B. Jelcyn i wielu innych znanych osobisto\u015bci. <br \/>Czas wolny na spacer moskiewskimi bulwarami, zwiedzanie placu Teatralnego (ogl\u0105danie z zewn\u0105trz Teatru Wielkiego, hotelu \u201eMetropol\u201d). <br \/>Powr\u00f3t metrem do hotelu.<\/p><p><strong>DZIE\u0143 VIII<\/strong><br \/>Po \u015bniadaniu ci\u0105g dalszy zwiedzania miasta z przewodnikiem (przejazdy metrem): Kreml z soborami, Zbrojownia z kolekcj\u0105 koron carskich, jajek Faberge i tron\u00f3w carskich, Armata Carska (Car\u2013puszka) i najwi\u0119kszy na \u015bwiecie Dzwon Carski (Car\u2013ko\u0142oko\u0142). Dalej zwiedzanie Galerii Trietiakowskiej \u2013 najwi\u0119kszego i zarazem najbardziej znacz\u0105cego zbioru sztuki rosyjskiej oraz najokazalszych stacji metra moskiewskiego. <br \/>Czas wolny na spacer s\u0142ynnym Arbatem, ew. fakultatywnie rejs po rzece Moskwa. <br \/>Powr\u00f3t metrem do hotelu. <br \/>Nocleg.<\/p><p><strong>DZIE\u0143 IX<\/strong><br \/>Po \u015bniadaniu przejazd do SERGIJEW POSAD \u2013 \u201erosyjskiej Cz\u0119stochowy\u201d, zwiedzanie \u0142awry z XVI w. <br \/>Obiad. <br \/>Powr\u00f3t do Moskwy. <br \/>Czas wolny. <br \/>Nocleg.<br \/>Siergijew Posad \u2013 najwi\u0119kszy klasztor w Rosji \u201erosyjska Cz\u0119stochowa\u201d. Pielgrzymi do dzi\u015b gromadz\u0105 si\u0119 przed szcz\u0105tkami \u201estra\u017cnika ruskiej ziemi\u201d Sergiusza Radone\u017cskiego, nietkni\u0119tymi przed rozk\u0142ad. Miasto kilka razy zmienia\u0142o nazw\u0119, a w czasach radzieckich nazywano by\u0142o Zagorskiem. Do 1969 r. miasto by\u0142o zamkni\u0119te dla turyst\u00f3w z powodu prowadzonych tu \u015bci\u015ble tajnych bada\u0144 z dziedziny obronno\u015bci, m. in. mie\u015bci\u0142 si\u0119 tutaj instytut badawczy zajmuj\u0105cy si\u0119 broni\u0105 biologiczn\u0105. Sergijew Posad jest znany nie tylko jako o\u015brodek pielgrzymkowy, ale r\u00f3wnie\u017c jako miejsce \u201enarodzin\u201d znanej na ca\u0142ym \u015bwiecie rosyjskiej lalki \u2013 Matrioszki.<\/p><p><strong>DZIE\u0143 X<\/strong><br \/>Po \u015bniadaniu przejazd Moskwa-Rzeczyca(Rezekne) na \u0141otwie. <br \/>Zakwaterowanie w hotelu. <br \/>Obiadokolacja. <br \/>Nocleg.<\/p><p><strong>DZIE\u0143 XI<\/strong><br \/>\u015aniadanie. Nast\u0119pnie Rzeczyca-Dyneburg, zwiedzanie Dyneburga. <br \/>Dyneburg (j. pol. \u2013 D\u017awin\u00f3w) jest bardzo polski. W mie\u015bcie i okolicach funkcjonuj\u0105 szko\u0142y, gdzie zaj\u0119cia prowadzone s\u0105 w naszym j\u0119zyku, aktywnie dzia\u0142a oddzia\u0142 Zwi\u0105zku Polak\u00f3w na \u0141otwie. Polska parafia przy ko\u015bciele Niepokalanego Pocz\u0119cia NMP to jeden z g\u0142\u00f3wnych o\u015brodk\u00f3w \u017cycia polskiego. Ludzie na ulicach ch\u0119tnie rozmawiaj\u0105. <br \/>Przejazd do Wilna. <br \/>Zakwaterowanie w hotelu. <br \/>Obiadokolacja. <br \/>Nocleg.<\/p><p><strong>DZIE\u0143 XII<\/strong><br \/>Po \u015bniadaniu, zwiedzanie Wilna (Ostra Brama, Star\u00f3wka, Cmentarz na Rossie),<br \/>Przejazd do K\u0142obucka, przyjazd w godzinach nocnych.<\/p><p class=\"MsoNormal\"><strong>* Program jest ramowy i mo\u017ce ulec zmianie w zale\u017cno\u015bci od potrzeb grupy.<\/strong><\/p>\t\t\t\t\t\t<\/div>\n\t\t\t\t<\/div>\n\t\t\t\t\t<\/div>\n\t\t<\/div>\n\t\t\t\t\t\t\t<\/div>\n\t\t<\/section>\n\t\t\t\t<section class=\"elementor-section elementor-top-section elementor-element elementor-element-a1e90d7 elementor-section-boxed elementor-section-height-default elementor-section-height-default\" data-id=\"a1e90d7\" data-element_type=\"section\" data-settings=\"{&quot;_ha_eqh_enable&quot;:false}\">\n\t\t\t\t\t\t<div class=\"elementor-container elementor-column-gap-default\">\n\t\t\t\t\t<div class=\"elementor-column elementor-col-100 elementor-top-column elementor-element elementor-element-cdf064d\" data-id=\"cdf064d\" data-element_type=\"column\">\n\t\t\t<div class=\"elementor-widget-wrap elementor-element-populated\">\n\t\t\t\t\t\t\t\t<div class=\"elementor-element elementor-element-a589df9 elementor-widget-divider--view-line elementor-widget elementor-widget-divider\" data-id=\"a589df9\" data-element_type=\"widget\" data-widget_type=\"divider.default\">\n\t\t\t\t<div class=\"elementor-widget-container\">\n\t\t\t\t\t<div class=\"elementor-divider\">\n\t\t\t<span class=\"elementor-divider-separator\">\n\t\t\t\t\t\t<\/span>\n\t\t<\/div>\n\t\t\t\t<\/div>\n\t\t\t\t<\/div>\n\t\t\t\t\t<\/div>\n\t\t<\/div>\n\t\t\t\t\t\t\t<\/div>\n\t\t<\/section>\n\t\t\t\t<section class=\"elementor-section elementor-top-section elementor-element elementor-element-6229897 elementor-section-boxed elementor-section-height-default elementor-section-height-default\" data-id=\"6229897\" data-element_type=\"section\" data-settings=\"{&quot;_ha_eqh_enable&quot;:false}\">\n\t\t\t\t\t\t<div class=\"elementor-container elementor-column-gap-default\">\n\t\t\t\t\t<div class=\"elementor-column elementor-col-100 elementor-top-column elementor-element elementor-element-6ece352\" data-id=\"6ece352\" data-element_type=\"column\">\n\t\t\t<div class=\"elementor-widget-wrap elementor-element-populated\">\n\t\t\t\t\t\t\t\t<div class=\"elementor-element elementor-element-d815fba elementor-widget elementor-widget-text-editor\" data-id=\"d815fba\" data-element_type=\"widget\" data-widget_type=\"text-editor.default\">\n\t\t\t\t<div class=\"elementor-widget-container\">\n\t\t\t\t\t\t\t<p><strong>CENA ZAWIERA:<\/strong><br>&#8211; opiek\u0119 pilota podczas ca\u0142ego pobytu,<br>&#8211; 11 nocleg\u00f3w w pokojach 2 \u2013 osobowych w hotelach ***: 1 nocleg w hotelu w Rydze, 1 nocleg w hotelu w Tallinie, 3 noclegi w hotelu w Petersburgu, 4 noclegi w hotelu w Moskwie, 1 nocleg w hotelu w Rezekne, <br>1 nocleg w hotelu w Wilnie<br>&#8211; wy\u017cywienie: 11 \u015bniada\u0144, 11 obiadokolacji,<br>&#8211; lokalnych przewodnik\u00f3w,<br>&#8211; ubezpieczenie NNW + KL,<br>&#8211; op\u0142at\u0119 na Turystyczny Fundusz Gwarancyjny &#8211; wg Rozporz\u0105dzenia Ministra Sportu i Turystyki z 21.11.2016 r.<\/p>\t\t\t\t\t\t<\/div>\n\t\t\t\t<\/div>\n\t\t\t\t\t<\/div>\n\t\t<\/div>\n\t\t\t\t\t\t\t<\/div>\n\t\t<\/section>\n\t\t\t\t<section class=\"elementor-section elementor-top-section elementor-element elementor-element-0e167e3 elementor-section-boxed elementor-section-height-default elementor-section-height-default\" data-id=\"0e167e3\" data-element_type=\"section\" data-settings=\"{&quot;_ha_eqh_enable&quot;:false}\">\n\t\t\t\t\t\t<div class=\"elementor-container elementor-column-gap-default\">\n\t\t\t\t\t<div class=\"elementor-column elementor-col-100 elementor-top-column elementor-element elementor-element-4da0ffd\" data-id=\"4da0ffd\" data-element_type=\"column\">\n\t\t\t<div class=\"elementor-widget-wrap elementor-element-populated\">\n\t\t\t\t\t\t\t\t<div class=\"elementor-element elementor-element-ae719dd elementor-widget elementor-widget-text-editor\" data-id=\"ae719dd\" data-element_type=\"widget\" data-widget_type=\"text-editor.default\">\n\t\t\t\t<div class=\"elementor-widget-container\">\n\t\t\t\t\t\t\t<p><strong>CENA NIE ZAWIERA:<br \/><\/strong>&#8211; bilet\u00f3w wst\u0119pu do zwiedzanych obiekt\u00f3w,<br \/>&#8211; wizy do Rosji (oko\u0142o 400 z\u0142).<\/p><p>\u00a0<\/p>\t\t\t\t\t\t<\/div>\n\t\t\t\t<\/div>\n\t\t\t\t\t<\/div>\n\t\t<\/div>\n\t\t\t\t\t\t\t<\/div>\n\t\t<\/section>\n\t\t\t\t<section class=\"elementor-section elementor-top-section elementor-element elementor-element-e356987 elementor-section-boxed elementor-section-height-default elementor-section-height-default\" data-id=\"e356987\" data-element_type=\"section\" data-settings=\"{&quot;_ha_eqh_enable&quot;:false}\">\n\t\t\t\t\t\t<div class=\"elementor-container elementor-column-gap-default\">\n\t\t\t\t\t<div class=\"elementor-column elementor-col-100 elementor-top-column elementor-element elementor-element-bc994e2\" data-id=\"bc994e2\" data-element_type=\"column\">\n\t\t\t<div class=\"elementor-widget-wrap elementor-element-populated\">\n\t\t\t\t\t\t\t\t<div class=\"elementor-element elementor-element-73a6374 elementor-widget-divider--view-line elementor-widget elementor-widget-divider\" data-id=\"73a6374\" data-element_type=\"widget\" data-widget_type=\"divider.default\">\n\t\t\t\t<div class=\"elementor-widget-container\">\n\t\t\t\t\t<div class=\"elementor-divider\">\n\t\t\t<span class=\"elementor-divider-separator\">\n\t\t\t\t\t\t<\/span>\n\t\t<\/div>\n\t\t\t\t<\/div>\n\t\t\t\t<\/div>\n\t\t\t\t\t<\/div>\n\t\t<\/div>\n\t\t\t\t\t\t\t<\/div>\n\t\t<\/section>\n\t\t\t\t<section class=\"elementor-section elementor-top-section elementor-element elementor-element-1ebf216 elementor-section-boxed elementor-section-height-default elementor-section-height-default\" data-id=\"1ebf216\" data-element_type=\"section\" data-settings=\"{&quot;_ha_eqh_enable&quot;:false}\">\n\t\t\t\t\t\t<div class=\"elementor-container elementor-column-gap-default\">\n\t\t\t\t\t<div class=\"elementor-column elementor-col-100 elementor-top-column elementor-element elementor-element-cd37508\" data-id=\"cd37508\" data-element_type=\"column\">\n\t\t\t<div class=\"elementor-widget-wrap\">\n\t\t\t\t\t\t\t\t\t<\/div>\n\t\t<\/div>\n\t\t\t\t\t\t\t<\/div>\n\t\t<\/section>\n\t\t\t\t\t\t\t<\/div>\n\t\t","protected":false},"excerpt":{"rendered":"<p>KOWNO &#8211; RYGA &#8211; TALLIN &#8211; SANKT PETERSBURG &#8211; MOSKWA &#8211; REZEKNE &#8211; WILNO PROGRAM WYCIECZKI* DZIE\u0143 IWyjazd z miejsca zbi\u00f3rki o godz. 4.00.\u00a0Przejazd do Kowna (kr\u00f3tkie zwiedzanie). Nast\u0119pnie przejazd do Rygi. Zakwaterowanie w hotelu. Obiadokolacja. Nocleg. DZIE\u0143 IIRyga. Po \u015bniadaniu zwiedzanie miasta z przewodnikiem, m.in.: katedra, ko\u015bci\u00f3\u0142 \u015bw. Piotra ze 140-metrow\u0105 wie\u017c\u0105, domy zabytkowe, &hellip;<\/p>\n<p class=\"read-more\"> <a class=\"\" href=\"https:\/\/ancora.info.pl\/?page_id=586\"> <span class=\"screen-reader-text\">Sankt Petersburg &#8211; Moskwa<\/span> Read More &raquo;<\/a><\/p>\n","protected":false},"author":1,"featured_media":0,"parent":0,"menu_order":0,"comment_status":"closed","ping_status":"closed","template":"","meta":[],"_links":{"self":[{"href":"https:\/\/ancora.info.pl\/index.php?rest_route=\/wp\/v2\/pages\/586"}],"collection":[{"href":"https:\/\/ancora.info.pl\/index.php?rest_route=\/wp\/v2\/pages"}],"about":[{"href":"https:\/\/ancora.info.pl\/index.php?rest_route=\/wp\/v2\/types\/page"}],"author":[{"embeddable":true,"href":"https:\/\/ancora.info.pl\/index.php?rest_route=\/wp\/v2\/users\/1"}],"replies":[{"embeddable":true,"href":"https:\/\/ancora.info.pl\/index.php?rest_route=%2Fwp%2Fv2%2Fcomments&post=586"}],"version-history":[{"count":10,"href":"https:\/\/ancora.info.pl\/index.php?rest_route=\/wp\/v2\/pages\/586\/revisions"}],"predecessor-version":[{"id":603,"href":"https:\/\/ancora.info.pl\/index.php?rest_route=\/wp\/v2\/pages\/586\/revisions\/603"}],"wp:attachment":[{"href":"https:\/\/ancora.info.pl\/index.php?rest_route=%2Fwp%2Fv2%2Fmedia&parent=586"}],"curies":[{"name":"wp","href":"https:\/\/api.w.org\/{rel}","templated":true}]}}