{"id":940,"date":"2021-03-29T12:56:36","date_gmt":"2021-03-29T10:56:36","guid":{"rendered":"http:\/\/wordpress2167206.home.pl\/autoinstalator\/wordpressplugins3\/?page_id=940"},"modified":"2021-03-29T13:16:28","modified_gmt":"2021-03-29T11:16:28","slug":"wisla-ustron-bielsko-biala","status":"publish","type":"page","link":"https:\/\/ancora.info.pl\/?page_id=940","title":{"rendered":"Wis\u0142a &#8211; Ustro\u0144 &#8211; Bielsko-Bia\u0142a"},"content":{"rendered":"\t\t<div data-elementor-type=\"wp-page\" data-elementor-id=\"940\" class=\"elementor elementor-940\">\n\t\t\t\t\t\t\t\t\t<section class=\"elementor-section elementor-top-section elementor-element elementor-element-1b6d831 elementor-section-boxed elementor-section-height-default elementor-section-height-default\" data-id=\"1b6d831\" data-element_type=\"section\" data-settings=\"{&quot;_ha_eqh_enable&quot;:false}\">\n\t\t\t\t\t\t<div class=\"elementor-container elementor-column-gap-default\">\n\t\t\t\t\t<div class=\"elementor-column elementor-col-100 elementor-top-column elementor-element elementor-element-170effd\" data-id=\"170effd\" data-element_type=\"column\">\n\t\t\t<div class=\"elementor-widget-wrap elementor-element-populated\">\n\t\t\t\t\t\t\t\t<div class=\"elementor-element elementor-element-51c7780 elementor-widget elementor-widget-heading\" data-id=\"51c7780\" data-element_type=\"widget\" data-widget_type=\"heading.default\">\n\t\t\t\t<div class=\"elementor-widget-container\">\n\t\t\t<h2 class=\"elementor-heading-title elementor-size-default\">ZIMOWISKO<\/h2>\t\t<\/div>\n\t\t\t\t<\/div>\n\t\t\t\t\t<\/div>\n\t\t<\/div>\n\t\t\t\t\t\t\t<\/div>\n\t\t<\/section>\n\t\t\t\t<section class=\"elementor-section elementor-top-section elementor-element elementor-element-d450de7 elementor-section-boxed elementor-section-height-default elementor-section-height-default\" data-id=\"d450de7\" data-element_type=\"section\" data-settings=\"{&quot;_ha_eqh_enable&quot;:false}\">\n\t\t\t\t\t\t<div class=\"elementor-container elementor-column-gap-default\">\n\t\t\t\t\t<div class=\"elementor-column elementor-col-100 elementor-top-column elementor-element elementor-element-df8cef3\" data-id=\"df8cef3\" data-element_type=\"column\">\n\t\t\t<div class=\"elementor-widget-wrap elementor-element-populated\">\n\t\t\t\t\t\t\t\t<div class=\"elementor-element elementor-element-9c57812 elementor-widget elementor-widget-heading\" data-id=\"9c57812\" data-element_type=\"widget\" data-widget_type=\"heading.default\">\n\t\t\t\t<div class=\"elementor-widget-container\">\n\t\t\t<h2 class=\"elementor-heading-title elementor-size-default\">WIS\u0141A - USTRO\u0143 - BIELSKO-BIA\u0141A<\/h2>\t\t<\/div>\n\t\t\t\t<\/div>\n\t\t\t\t\t<\/div>\n\t\t<\/div>\n\t\t\t\t\t\t\t<\/div>\n\t\t<\/section>\n\t\t\t\t<section class=\"elementor-section elementor-top-section elementor-element elementor-element-e6da5d6 elementor-section-boxed elementor-section-height-default elementor-section-height-default\" data-id=\"e6da5d6\" data-element_type=\"section\" data-settings=\"{&quot;_ha_eqh_enable&quot;:false}\">\n\t\t\t\t\t\t<div class=\"elementor-container elementor-column-gap-default\">\n\t\t\t\t\t<div class=\"elementor-column elementor-col-100 elementor-top-column elementor-element elementor-element-30fcc82\" data-id=\"30fcc82\" data-element_type=\"column\">\n\t\t\t<div class=\"elementor-widget-wrap elementor-element-populated\">\n\t\t\t\t\t\t\t\t<div class=\"elementor-element elementor-element-bac528f elementor-widget-divider--view-line elementor-widget elementor-widget-divider\" data-id=\"bac528f\" data-element_type=\"widget\" data-widget_type=\"divider.default\">\n\t\t\t\t<div class=\"elementor-widget-container\">\n\t\t\t\t\t<div class=\"elementor-divider\">\n\t\t\t<span class=\"elementor-divider-separator\">\n\t\t\t\t\t\t<\/span>\n\t\t<\/div>\n\t\t\t\t<\/div>\n\t\t\t\t<\/div>\n\t\t\t\t\t<\/div>\n\t\t<\/div>\n\t\t\t\t\t\t\t<\/div>\n\t\t<\/section>\n\t\t\t\t<section class=\"elementor-section elementor-top-section elementor-element elementor-element-940261c elementor-section-boxed elementor-section-height-default elementor-section-height-default\" data-id=\"940261c\" data-element_type=\"section\" data-settings=\"{&quot;_ha_eqh_enable&quot;:false}\">\n\t\t\t\t\t\t<div class=\"elementor-container elementor-column-gap-default\">\n\t\t\t\t\t<div class=\"elementor-column elementor-col-100 elementor-top-column elementor-element elementor-element-b4d91bc\" data-id=\"b4d91bc\" data-element_type=\"column\">\n\t\t\t<div class=\"elementor-widget-wrap elementor-element-populated\">\n\t\t\t\t\t\t\t\t<div class=\"elementor-element elementor-element-35b8419 elementor-widget elementor-widget-text-editor\" data-id=\"35b8419\" data-element_type=\"widget\" data-widget_type=\"text-editor.default\">\n\t\t\t\t<div class=\"elementor-widget-container\">\n\t\t\t\t\t\t\t<p>Serdecznie zapraszamy do per\u0142y Beskid\u00f3w &#8211; pi\u0119knej Wis\u0142y, kt\u00f3ra zachwyca sw\u0105 urod\u0105 o ka\u017cdej porze roku. Bogactwo przyrody, niepowtarzalny urok wi\u015blackich groni, umiej\u0119tne \u0142\u0105czenie tradycji g\u00f3ralskiej wsi z walorami nowoczesnej atrakcyjnej miejscowo\u015bci wypoczynkowej, \u017cyczliwo\u015b\u0107 i go\u015bcinno\u015b\u0107 mieszka\u0144c\u00f3w zyskuj\u0105 podziw&nbsp;<br>i uznanie os\u00f3b odwiedzaj\u0105cych to malownicze miasto.<\/p>\t\t\t\t\t\t<\/div>\n\t\t\t\t<\/div>\n\t\t\t\t\t<\/div>\n\t\t<\/div>\n\t\t\t\t\t\t\t<\/div>\n\t\t<\/section>\n\t\t\t\t<section class=\"elementor-section elementor-top-section elementor-element elementor-element-df0ab89 elementor-section-boxed elementor-section-height-default elementor-section-height-default\" data-id=\"df0ab89\" data-element_type=\"section\" data-settings=\"{&quot;_ha_eqh_enable&quot;:false}\">\n\t\t\t\t\t\t<div class=\"elementor-container elementor-column-gap-default\">\n\t\t\t\t\t<div class=\"elementor-column elementor-col-100 elementor-top-column elementor-element elementor-element-c6239c1\" data-id=\"c6239c1\" data-element_type=\"column\">\n\t\t\t<div class=\"elementor-widget-wrap elementor-element-populated\">\n\t\t\t\t\t\t\t\t<div class=\"elementor-element elementor-element-a329aed elementor-widget-divider--view-line elementor-widget elementor-widget-divider\" data-id=\"a329aed\" data-element_type=\"widget\" data-widget_type=\"divider.default\">\n\t\t\t\t<div class=\"elementor-widget-container\">\n\t\t\t\t\t<div class=\"elementor-divider\">\n\t\t\t<span class=\"elementor-divider-separator\">\n\t\t\t\t\t\t<\/span>\n\t\t<\/div>\n\t\t\t\t<\/div>\n\t\t\t\t<\/div>\n\t\t\t\t\t<\/div>\n\t\t<\/div>\n\t\t\t\t\t\t\t<\/div>\n\t\t<\/section>\n\t\t\t\t<section class=\"elementor-section elementor-top-section elementor-element elementor-element-9dde13c elementor-section-boxed elementor-section-height-default elementor-section-height-default\" data-id=\"9dde13c\" data-element_type=\"section\" data-settings=\"{&quot;_ha_eqh_enable&quot;:false}\">\n\t\t\t\t\t\t<div class=\"elementor-container elementor-column-gap-default\">\n\t\t\t\t\t<div class=\"elementor-column elementor-col-33 elementor-top-column elementor-element elementor-element-0ed08c8\" data-id=\"0ed08c8\" data-element_type=\"column\">\n\t\t\t<div class=\"elementor-widget-wrap elementor-element-populated\">\n\t\t\t\t\t\t\t\t<div class=\"elementor-element elementor-element-4ff9c4e elementor-widget elementor-widget-image\" data-id=\"4ff9c4e\" data-element_type=\"widget\" data-widget_type=\"image.default\">\n\t\t\t\t<div class=\"elementor-widget-container\">\n\t\t\t\t\t\t\t\t\t\t\t\t\t\t\t<img width=\"600\" height=\"400\" src=\"https:\/\/ancora.info.pl\/wp-content\/uploads\/2021\/03\/ancora-ustron-wisla-wycieczka-600x400-1.jpg\" class=\"attachment-large size-large\" alt=\"\" loading=\"lazy\" srcset=\"https:\/\/ancora.info.pl\/wp-content\/uploads\/2021\/03\/ancora-ustron-wisla-wycieczka-600x400-1.jpg 600w, https:\/\/ancora.info.pl\/wp-content\/uploads\/2021\/03\/ancora-ustron-wisla-wycieczka-600x400-1-300x200.jpg 300w\" sizes=\"(max-width: 600px) 100vw, 600px\" \/>\t\t\t\t\t\t\t\t\t\t\t\t\t\t\t<\/div>\n\t\t\t\t<\/div>\n\t\t\t\t\t<\/div>\n\t\t<\/div>\n\t\t\t\t<div class=\"elementor-column elementor-col-33 elementor-top-column elementor-element elementor-element-8929323\" data-id=\"8929323\" data-element_type=\"column\">\n\t\t\t<div class=\"elementor-widget-wrap elementor-element-populated\">\n\t\t\t\t\t\t\t\t<div class=\"elementor-element elementor-element-4301757 elementor-widget elementor-widget-image\" data-id=\"4301757\" data-element_type=\"widget\" data-widget_type=\"image.default\">\n\t\t\t\t<div class=\"elementor-widget-container\">\n\t\t\t\t\t\t\t\t\t\t\t\t\t\t\t<img width=\"600\" height=\"400\" src=\"https:\/\/ancora.info.pl\/wp-content\/uploads\/2021\/03\/ancora-ustron-wisla-wycieczka-3-600x400-1.jpg\" class=\"attachment-large size-large\" alt=\"\" loading=\"lazy\" srcset=\"https:\/\/ancora.info.pl\/wp-content\/uploads\/2021\/03\/ancora-ustron-wisla-wycieczka-3-600x400-1.jpg 600w, https:\/\/ancora.info.pl\/wp-content\/uploads\/2021\/03\/ancora-ustron-wisla-wycieczka-3-600x400-1-300x200.jpg 300w\" sizes=\"(max-width: 600px) 100vw, 600px\" \/>\t\t\t\t\t\t\t\t\t\t\t\t\t\t\t<\/div>\n\t\t\t\t<\/div>\n\t\t\t\t\t<\/div>\n\t\t<\/div>\n\t\t\t\t<div class=\"elementor-column elementor-col-33 elementor-top-column elementor-element elementor-element-b6b6ec6\" data-id=\"b6b6ec6\" data-element_type=\"column\">\n\t\t\t<div class=\"elementor-widget-wrap elementor-element-populated\">\n\t\t\t\t\t\t\t\t<div class=\"elementor-element elementor-element-b5ccc37 elementor-widget elementor-widget-image\" data-id=\"b5ccc37\" data-element_type=\"widget\" data-widget_type=\"image.default\">\n\t\t\t\t<div class=\"elementor-widget-container\">\n\t\t\t\t\t\t\t\t\t\t\t\t\t\t\t<img width=\"600\" height=\"400\" src=\"https:\/\/ancora.info.pl\/wp-content\/uploads\/2021\/03\/ancora-ustron-wisla-wycieczka-2-600x400-1.jpg\" class=\"attachment-large size-large\" alt=\"\" loading=\"lazy\" srcset=\"https:\/\/ancora.info.pl\/wp-content\/uploads\/2021\/03\/ancora-ustron-wisla-wycieczka-2-600x400-1.jpg 600w, https:\/\/ancora.info.pl\/wp-content\/uploads\/2021\/03\/ancora-ustron-wisla-wycieczka-2-600x400-1-300x200.jpg 300w\" sizes=\"(max-width: 600px) 100vw, 600px\" \/>\t\t\t\t\t\t\t\t\t\t\t\t\t\t\t<\/div>\n\t\t\t\t<\/div>\n\t\t\t\t\t<\/div>\n\t\t<\/div>\n\t\t\t\t\t\t\t<\/div>\n\t\t<\/section>\n\t\t\t\t<section class=\"elementor-section elementor-top-section elementor-element elementor-element-71815d5 elementor-section-boxed elementor-section-height-default elementor-section-height-default\" data-id=\"71815d5\" data-element_type=\"section\" data-settings=\"{&quot;_ha_eqh_enable&quot;:false}\">\n\t\t\t\t\t\t<div class=\"elementor-container elementor-column-gap-default\">\n\t\t\t\t\t<div class=\"elementor-column elementor-col-100 elementor-top-column elementor-element elementor-element-6235412\" data-id=\"6235412\" data-element_type=\"column\">\n\t\t\t<div class=\"elementor-widget-wrap elementor-element-populated\">\n\t\t\t\t\t\t\t\t<div class=\"elementor-element elementor-element-25f01ac elementor-widget-divider--view-line elementor-widget elementor-widget-divider\" data-id=\"25f01ac\" data-element_type=\"widget\" data-widget_type=\"divider.default\">\n\t\t\t\t<div class=\"elementor-widget-container\">\n\t\t\t\t\t<div class=\"elementor-divider\">\n\t\t\t<span class=\"elementor-divider-separator\">\n\t\t\t\t\t\t<\/span>\n\t\t<\/div>\n\t\t\t\t<\/div>\n\t\t\t\t<\/div>\n\t\t\t\t\t<\/div>\n\t\t<\/div>\n\t\t\t\t\t\t\t<\/div>\n\t\t<\/section>\n\t\t\t\t<section class=\"elementor-section elementor-top-section elementor-element elementor-element-d244a49 elementor-section-boxed elementor-section-height-default elementor-section-height-default\" data-id=\"d244a49\" data-element_type=\"section\" data-settings=\"{&quot;_ha_eqh_enable&quot;:false}\">\n\t\t\t\t\t\t<div class=\"elementor-container elementor-column-gap-default\">\n\t\t\t\t\t<div class=\"elementor-column elementor-col-100 elementor-top-column elementor-element elementor-element-e8eb9a0\" data-id=\"e8eb9a0\" data-element_type=\"column\">\n\t\t\t<div class=\"elementor-widget-wrap elementor-element-populated\">\n\t\t\t\t\t\t\t\t<div class=\"elementor-element elementor-element-ad9c532 elementor-widget elementor-widget-heading\" data-id=\"ad9c532\" data-element_type=\"widget\" data-widget_type=\"heading.default\">\n\t\t\t\t<div class=\"elementor-widget-container\">\n\t\t\t<h2 class=\"elementor-heading-title elementor-size-default\">PROGRAM WYJAZDU*<\/h2>\t\t<\/div>\n\t\t\t\t<\/div>\n\t\t\t\t\t<\/div>\n\t\t<\/div>\n\t\t\t\t\t\t\t<\/div>\n\t\t<\/section>\n\t\t\t\t<section class=\"elementor-section elementor-top-section elementor-element elementor-element-6859a7e elementor-section-boxed elementor-section-height-default elementor-section-height-default\" data-id=\"6859a7e\" data-element_type=\"section\" data-settings=\"{&quot;_ha_eqh_enable&quot;:false}\">\n\t\t\t\t\t\t<div class=\"elementor-container elementor-column-gap-default\">\n\t\t\t\t\t<div class=\"elementor-column elementor-col-100 elementor-top-column elementor-element elementor-element-488ceb0\" data-id=\"488ceb0\" data-element_type=\"column\">\n\t\t\t<div class=\"elementor-widget-wrap elementor-element-populated\">\n\t\t\t\t\t\t\t\t<div class=\"elementor-element elementor-element-4d471ad elementor-widget elementor-widget-text-editor\" data-id=\"4d471ad\" data-element_type=\"widget\" data-widget_type=\"text-editor.default\">\n\t\t\t\t<div class=\"elementor-widget-container\">\n\t\t\t\t\t\t\t<p><strong>DZIE\u0143 I<\/strong> <br \/>Wyjazd z miejsca zbi\u00f3rki, przejazd do Bielska Bia\u0142ej. <br \/>Szyndzielnia &#8211; wjazd kolejk\u0105 linow\u0105 na szczyt, spacer na pobliski Klimczok. <br \/>Przejazd do Wis\u0142y \u2013 zakwaterowanie w hotelu . <br \/>Obiadokolacja.<br \/>Zaj\u0119cia na terenie o\u015brodka. <br \/>Nocleg.<\/p><p><strong>DZIE\u0143 II<\/strong> <br \/>\u015aniadanie. <br \/>Przejazd do Ustronia &#8211; zwiedzanie Le\u015bnego Parku Niespodzianek &#8211; jedn\u0105\u00a0z ciekawszych atrakcji parku s\u0105 muflony i daniele, kt\u00f3re swobodnie przemieszczaj\u0105 si\u0119 w\u015br\u00f3d zwiedzaj\u0105cych, i kt\u00f3re to mo\u017cna karmi\u0107 z r\u0119ki. <br \/>W zagrodach zobaczymy : \u017cubry, jelenie szlachetne, sarny, dziki, \u017cbiki czy jenoty. Bez sprzecznie najwi\u0119kszymi atrakcjami parku s\u0105 sokolarnia i sowiarnia, gdzie o wyznaczonych porach wykwalifikowani sokolnicy prezentuj\u0105 ptaki drapie\u017cne i sowy podczas ich lot\u00f3w. Do cz\u0119\u015bci rekreacyjnej zaliczy\u0107 mo\u017cemy alej\u0119 bajkow\u0105 z ruchomymi ekspozycjami znanych nam bajek oraz rozbudowany plac.<br \/>Nast\u0119pnie odwiedzimy lodowisko w Ustroniu \u2013 jazda na \u0142y\u017cwach. <br \/>Powr\u00f3t do hotelu na obiad. <br \/>Turniej gry w tenisa sto\u0142owego. <br \/>Kolacja. <br \/>Nocleg.<\/p><p><strong>DZIE\u0143 III<\/strong> <br \/>Po \u015bniadaniu zwiedzanie Galerii Trofe\u00f3w Adama Ma\u0142ysza. Nast\u0119pnie zaj\u0119cie sportowe w hali OPP Start Wis\u0142a \u2013 gry zespo\u0142owe. <br \/>Powr\u00f3t do o\u015brodka na obiad. <br \/>Kolejno pobyt na terenie parku wodnego \u201eGo\u0142\u0119biewski\u201d. <br \/>Kolacja. <br \/>Dyskoteka. <br \/>Nocleg.<\/p><p><strong>DZIE\u0143 IV<\/strong> <br \/>\u015aniadanie. <br \/>Zwiedzanie Wis\u0142y z przewodnikiem: Skocznia w Malince , figura A. Ma\u0142ysza w Kinie Marzenie, Muzeum Beskidzkie &#8211; Ekspozycja sta\u0142a muzeum prezentuje kultur\u0119 materialn\u0105 g\u00f3rali Beskidu \u015al\u0105skiego zwi\u0105zan\u0105 z takimi dziedzinami \u017cycia jak: pasterstwo, rolnictwo, tkactwo. Dodatkow\u0105 atrakcj\u0105 od 2010 r. jest zbudowana obok muzeum Enklawa Budownictwa Drewnianego, w kt\u00f3rej mo\u017cna zobaczy\u0107 ku\u017ani\u0119, chat\u0119 komornika, kolib\u0119 pastersk\u0105, pasiek\u0119 pszczelarsk\u0105 . Nast\u0119pnie lekcja muzealna.<br \/>Powr\u00f3t do hotelu na obiad. <br \/>Nast\u0119pnie zimowe szale\u0144stwo \u2013 jazda na sankach i \u015blizgach. <br \/>Kolacja. <br \/>Nocleg.<\/p><p><strong>DZIE\u0143 V<\/strong> <br \/>\u015aniadanie. <br \/>Spacer po okolicy. <br \/>Zaj\u0119cia na terenie o\u015brodka. <br \/>Obiad. <br \/>Nast\u0119pnie kulig z pochodniami po\u0142\u0105czony z pieczeniem kie\u0142basek na ognisku i herbat\u0105. <br \/>Kolacja. <br \/>Nocleg.<\/p><p><strong>DZIE\u0143 VI<\/strong> <br \/>\u015aniadanie. <br \/>Przejazd do Tych. Pobyt na terenie nowo otwartego parku wodnego. Mo\u017cliwo\u015b\u0107 sp\u0119dzenia czasu w strefie rekreacyjnej i strefie sportowej. <br \/>Obiad. <br \/>Powr\u00f3t do miejsca zbi\u00f3rki.<\/p><p class=\"MsoNormal\"><strong>* Program jest ramowy i mo\u017ce ulec zmianie w zale\u017cno\u015bci od potrzeb grupy.<\/strong><\/p>\t\t\t\t\t\t<\/div>\n\t\t\t\t<\/div>\n\t\t\t\t\t<\/div>\n\t\t<\/div>\n\t\t\t\t\t\t\t<\/div>\n\t\t<\/section>\n\t\t\t\t<section class=\"elementor-section elementor-top-section elementor-element elementor-element-a1e90d7 elementor-section-boxed elementor-section-height-default elementor-section-height-default\" data-id=\"a1e90d7\" data-element_type=\"section\" data-settings=\"{&quot;_ha_eqh_enable&quot;:false}\">\n\t\t\t\t\t\t<div class=\"elementor-container elementor-column-gap-default\">\n\t\t\t\t\t<div class=\"elementor-column elementor-col-100 elementor-top-column elementor-element elementor-element-cdf064d\" data-id=\"cdf064d\" data-element_type=\"column\">\n\t\t\t<div class=\"elementor-widget-wrap elementor-element-populated\">\n\t\t\t\t\t\t\t\t<div class=\"elementor-element elementor-element-a589df9 elementor-widget-divider--view-line elementor-widget elementor-widget-divider\" data-id=\"a589df9\" data-element_type=\"widget\" data-widget_type=\"divider.default\">\n\t\t\t\t<div class=\"elementor-widget-container\">\n\t\t\t\t\t<div class=\"elementor-divider\">\n\t\t\t<span class=\"elementor-divider-separator\">\n\t\t\t\t\t\t<\/span>\n\t\t<\/div>\n\t\t\t\t<\/div>\n\t\t\t\t<\/div>\n\t\t\t\t\t<\/div>\n\t\t<\/div>\n\t\t\t\t\t\t\t<\/div>\n\t\t<\/section>\n\t\t\t\t<section class=\"elementor-section elementor-top-section elementor-element elementor-element-6229897 elementor-section-boxed elementor-section-height-default elementor-section-height-default\" data-id=\"6229897\" data-element_type=\"section\" data-settings=\"{&quot;_ha_eqh_enable&quot;:false}\">\n\t\t\t\t\t\t<div class=\"elementor-container elementor-column-gap-default\">\n\t\t\t\t\t<div class=\"elementor-column elementor-col-100 elementor-top-column elementor-element elementor-element-6ece352\" data-id=\"6ece352\" data-element_type=\"column\">\n\t\t\t<div class=\"elementor-widget-wrap elementor-element-populated\">\n\t\t\t\t\t\t\t\t<div class=\"elementor-element elementor-element-d815fba elementor-widget elementor-widget-text-editor\" data-id=\"d815fba\" data-element_type=\"widget\" data-widget_type=\"text-editor.default\">\n\t\t\t\t<div class=\"elementor-widget-container\">\n\t\t\t\t\t\t\t<p><strong>CENA ZAWIERA:<\/strong><br \/>&#8211; 5 nocleg\u00f3w,<br \/>&#8211; wy\u017cywienie : 3 razy dziennie ( \u015bniadanie, obiad + podwieczorek, kolacja), <br \/>&#8211; us\u0142ug\u0119 przewodnick\u0105,<br \/>&#8211; ubezpieczenie,<br \/>&#8211; opiek\u0119 pilota,<br \/>&#8211; wjazd na Szyndzielni\u0119,<br \/>&#8211; jazda na \u0142y\u017cwach + wypo\u017cyczenie \u0142y\u017cew,<br \/>&#8211; bilet wst\u0119pu do Le\u015bnego Parku Niespodzianek,<br \/>&#8211; pobyt na terenie parku wodnego w hotelu \u201e Go\u0142\u0119biewski\u201d, <br \/>&#8211; zaj\u0119cia sportowe na terenie OPP Start w Wi\u015ble,<br \/>&#8211; wjazd na skoczni\u0119 w Malince,<br \/>&#8211; bilet wst\u0119pu do Muzeum Beskidzkiego,<br \/>&#8211; lekcj\u0119 muzealn\u0105,<br \/>&#8211; kulig z konnym zaprz\u0119giem po\u0142\u0105czony z ogniskiem i pieczeniem kie\u0142basek,<br \/>&#8211; pobyt na terenie parku wodnego w Tychach,<br \/>&#8211; obiad w ostatnim dniu pobytuystyki z 21.11.2016 r.<\/p>\t\t\t\t\t\t<\/div>\n\t\t\t\t<\/div>\n\t\t\t\t\t<\/div>\n\t\t<\/div>\n\t\t\t\t\t\t\t<\/div>\n\t\t<\/section>\n\t\t\t\t<section class=\"elementor-section elementor-top-section elementor-element elementor-element-e356987 elementor-section-boxed elementor-section-height-default elementor-section-height-default\" data-id=\"e356987\" data-element_type=\"section\" data-settings=\"{&quot;_ha_eqh_enable&quot;:false}\">\n\t\t\t\t\t\t<div class=\"elementor-container elementor-column-gap-default\">\n\t\t\t\t\t<div class=\"elementor-column elementor-col-100 elementor-top-column elementor-element elementor-element-bc994e2\" data-id=\"bc994e2\" data-element_type=\"column\">\n\t\t\t<div class=\"elementor-widget-wrap elementor-element-populated\">\n\t\t\t\t\t\t\t\t<div class=\"elementor-element elementor-element-73a6374 elementor-widget-divider--view-line elementor-widget elementor-widget-divider\" data-id=\"73a6374\" data-element_type=\"widget\" data-widget_type=\"divider.default\">\n\t\t\t\t<div class=\"elementor-widget-container\">\n\t\t\t\t\t<div class=\"elementor-divider\">\n\t\t\t<span class=\"elementor-divider-separator\">\n\t\t\t\t\t\t<\/span>\n\t\t<\/div>\n\t\t\t\t<\/div>\n\t\t\t\t<\/div>\n\t\t\t\t\t<\/div>\n\t\t<\/div>\n\t\t\t\t\t\t\t<\/div>\n\t\t<\/section>\n\t\t\t\t<section class=\"elementor-section elementor-top-section elementor-element elementor-element-1ebf216 elementor-section-boxed elementor-section-height-default elementor-section-height-default\" data-id=\"1ebf216\" data-element_type=\"section\" data-settings=\"{&quot;_ha_eqh_enable&quot;:false}\">\n\t\t\t\t\t\t<div class=\"elementor-container elementor-column-gap-default\">\n\t\t\t\t\t<div class=\"elementor-column elementor-col-100 elementor-top-column elementor-element elementor-element-cd37508\" data-id=\"cd37508\" data-element_type=\"column\">\n\t\t\t<div class=\"elementor-widget-wrap\">\n\t\t\t\t\t\t\t\t\t<\/div>\n\t\t<\/div>\n\t\t\t\t\t\t\t<\/div>\n\t\t<\/section>\n\t\t\t\t\t\t\t<\/div>\n\t\t","protected":false},"excerpt":{"rendered":"<p>ZIMOWISKO WIS\u0141A &#8211; USTRO\u0143 &#8211; BIELSKO-BIA\u0141A Serdecznie zapraszamy do per\u0142y Beskid\u00f3w &#8211; pi\u0119knej Wis\u0142y, kt\u00f3ra zachwyca sw\u0105 urod\u0105 o ka\u017cdej porze roku. Bogactwo przyrody, niepowtarzalny urok wi\u015blackich groni, umiej\u0119tne \u0142\u0105czenie tradycji g\u00f3ralskiej wsi z walorami nowoczesnej atrakcyjnej miejscowo\u015bci wypoczynkowej, \u017cyczliwo\u015b\u0107 i go\u015bcinno\u015b\u0107 mieszka\u0144c\u00f3w zyskuj\u0105 podziw&nbsp;i uznanie os\u00f3b odwiedzaj\u0105cych to malownicze miasto. PROGRAM WYJAZDU* DZIE\u0143 I &hellip;<\/p>\n<p class=\"read-more\"> <a class=\"\" href=\"https:\/\/ancora.info.pl\/?page_id=940\"> <span class=\"screen-reader-text\">Wis\u0142a &#8211; Ustro\u0144 &#8211; Bielsko-Bia\u0142a<\/span> Read More &raquo;<\/a><\/p>\n","protected":false},"author":1,"featured_media":0,"parent":0,"menu_order":0,"comment_status":"closed","ping_status":"closed","template":"","meta":[],"_links":{"self":[{"href":"https:\/\/ancora.info.pl\/index.php?rest_route=\/wp\/v2\/pages\/940"}],"collection":[{"href":"https:\/\/ancora.info.pl\/index.php?rest_route=\/wp\/v2\/pages"}],"about":[{"href":"https:\/\/ancora.info.pl\/index.php?rest_route=\/wp\/v2\/types\/page"}],"author":[{"embeddable":true,"href":"https:\/\/ancora.info.pl\/index.php?rest_route=\/wp\/v2\/users\/1"}],"replies":[{"embeddable":true,"href":"https:\/\/ancora.info.pl\/index.php?rest_route=%2Fwp%2Fv2%2Fcomments&post=940"}],"version-history":[{"count":19,"href":"https:\/\/ancora.info.pl\/index.php?rest_route=\/wp\/v2\/pages\/940\/revisions"}],"predecessor-version":[{"id":964,"href":"https:\/\/ancora.info.pl\/index.php?rest_route=\/wp\/v2\/pages\/940\/revisions\/964"}],"wp:attachment":[{"href":"https:\/\/ancora.info.pl\/index.php?rest_route=%2Fwp%2Fv2%2Fmedia&parent=940"}],"curies":[{"name":"wp","href":"https:\/\/api.w.org\/{rel}","templated":true}]}}